Last updated on 2025-10-05 05:49:42 CEST.
Flavor | Version | Tinstall | Tcheck | Ttotal | Status | Flags |
---|---|---|---|---|---|---|
r-devel-linux-x86_64-debian-clang | 0.9.13 | 8.83 | 62.45 | 71.28 | OK | |
r-devel-linux-x86_64-debian-gcc | 0.9.13 | 5.66 | 43.78 | 49.44 | OK | |
r-devel-linux-x86_64-fedora-clang | 0.9.13 | 106.08 | OK | |||
r-devel-linux-x86_64-fedora-gcc | 0.9.13 | 102.26 | OK | |||
r-devel-windows-x86_64 | 0.9.13 | 11.00 | 76.00 | 87.00 | OK | |
r-patched-linux-x86_64 | 0.9.13 | 9.37 | 58.10 | 67.47 | OK | |
r-release-linux-x86_64 | 0.9.13 | 8.16 | 59.05 | 67.21 | OK | |
r-release-macos-arm64 | 0.9.13 | 36.00 | OK | |||
r-release-macos-x86_64 | 0.9.13 | 55.00 | OK | |||
r-release-windows-x86_64 | 0.9.13 | 9.00 | 74.00 | 83.00 | OK | |
r-oldrel-macos-arm64 | 0.9.13 | 35.00 | NOTE | |||
r-oldrel-macos-x86_64 | 0.9.13 | 77.00 | NOTE | |||
r-oldrel-windows-x86_64 | 0.9.13 | 13.00 | 89.00 | 102.00 | OK |
Version: 0.9.13
Check: package dependencies
Result: NOTE
Package suggested but not available for checking: ‘Rmpi’
Flavors: r-oldrel-macos-arm64, r-oldrel-macos-x86_64