Last updated on 2025-05-21 05:51:59 CEST.
Flavor | Version | Tinstall | Tcheck | Ttotal | Status | Flags |
---|---|---|---|---|---|---|
r-devel-linux-x86_64-debian-clang | 0.4.0-4 | 9.21 | 52.15 | 61.36 | NOTE | |
r-devel-linux-x86_64-debian-gcc | 0.4.0-4 | 7.28 | 39.87 | 47.15 | NOTE | |
r-devel-linux-x86_64-fedora-clang | 0.4.0-4 | 95.42 | OK | |||
r-devel-linux-x86_64-fedora-gcc | 0.4.0-4 | 92.79 | OK | |||
r-devel-windows-x86_64 | 0.4.0-4 | 14.00 | 90.00 | 104.00 | OK | |
r-patched-linux-x86_64 | 0.4.0-4 | 9.87 | 50.02 | 59.89 | OK | |
r-release-linux-x86_64 | 0.4.0-4 | 9.92 | 50.22 | 60.14 | OK | |
r-release-macos-arm64 | 0.4.0-4 | 35.00 | OK | |||
r-release-macos-x86_64 | 0.4.0-4 | 57.00 | OK | |||
r-release-windows-x86_64 | 0.4.0-4 | 14.00 | 91.00 | 105.00 | OK | |
r-oldrel-macos-arm64 | 0.4.0-4 | 32.00 | OK | |||
r-oldrel-macos-x86_64 | 0.4.0-4 | 47.00 | OK | |||
r-oldrel-windows-x86_64 | 0.4.0-4 | 17.00 | 89.00 | 106.00 | OK |
Version: 0.4.0-4
Check: CRAN incoming feasibility
Result: NOTE
Maintainer: ‘David Cortes <david.cortes.rivera@gmail.com>’
The Description field contains
bag-of-words-based topic modeling) (Cortes, (2018) <arXiv:1811.01908>),
Please refer to arXiv e-prints via their arXiv DOI <doi:10.48550/arXiv.YYMM.NNNNN>.
Flavors: r-devel-linux-x86_64-debian-clang, r-devel-linux-x86_64-debian-gcc