CRAN Package Check Results for Package psp

Last updated on 2025-05-21 05:52:00 CEST.

Flavor Version Tinstall Tcheck Ttotal Status Flags
r-devel-linux-x86_64-debian-clang 1.0.2 23.32 55.40 78.72 NOTE
r-devel-linux-x86_64-debian-gcc 1.0.2 16.45 37.00 53.45 NOTE
r-devel-linux-x86_64-fedora-clang 1.0.2 138.82 OK
r-devel-linux-x86_64-fedora-gcc 1.0.2 137.64 OK
r-devel-windows-x86_64 1.0.2 29.00 98.00 127.00 OK
r-patched-linux-x86_64 1.0.2 23.70 51.20 74.90 OK
r-release-linux-x86_64 1.0.2 23.52 51.44 74.96 OK
r-release-macos-arm64 1.0.2 38.00 OK
r-release-macos-x86_64 1.0.2 66.00 OK
r-release-windows-x86_64 1.0.2 29.00 0.00 29.00 FAIL
r-oldrel-macos-arm64 1.0.2 35.00 OK
r-oldrel-macos-x86_64 1.0.2 105.00 OK
r-oldrel-windows-x86_64 1.0.2 30.00 9.00 39.00 ERROR

Check Details

Version: 1.0.2
Check: CRAN incoming feasibility
Result: NOTE Maintainer: ‘Lenard Dome <lenarddome@gmail.com>’ Found the following \keyword or \concept entries which likely give several index terms: File ‘psp.Rd’: \keyword{computational modelling; parameter space [TRUNCATED] File ‘pspGlobal.Rd’: \keyword{computational modelling; parameter space [TRUNCATED] File ‘psp_global.Rd’: \keyword{computational modelling; parameter space; [TRUNCATED] Flavors: r-devel-linux-x86_64-debian-clang, r-devel-linux-x86_64-debian-gcc

Version: 1.0.2
Check: PDF version of manual
Result: FAIL Check process probably crashed or hung up for 20 minutes ... killed Most likely this happened in the example checks (?), if not, ignore the following last lines of example output: 808: 0.056482829553696 0.465322502213723 8 100 809: 0.504274435068739 0.52349821553877 7 100 $ps_patterns pattern 1 10 2 3 4 5 6 7 8 9 74 68 63 73 90 94 81 101 75 90 $ps_ordinal [1] "1" "10" "2" "3" "4" "5" "6" "7" "8" "9" > > > > > ### * <FOOTER> > ### > cleanEx() > options(digits = 7L) > base::cat("Time elapsed: ", proc.time() - base::get("ptime", pos = 'CheckExEnv'),"\n") Time elapsed: 1.42 0.14 1.6 NA NA > grDevices::dev.off() null device 1 > ### > ### Local variables: *** > ### mode: outline-minor *** > ### outline-regexp: "\\(> \\)?### [*]+" *** > ### End: *** > quit('no') ======== End of example output (where/before crash/hang up occured ?) ======== Flavor: r-release-windows-x86_64

Version: 1.0.2
Check: whether package can be installed
Result: ERROR Installation failed. Flavor: r-oldrel-windows-x86_64