Last updated on 2025-05-21 05:52:00 CEST.
Flavor | Version | Tinstall | Tcheck | Ttotal | Status | Flags |
---|---|---|---|---|---|---|
r-devel-linux-x86_64-debian-clang | 2.4 | 5.54 | 49.50 | 55.04 | NOTE | |
r-devel-linux-x86_64-debian-gcc | 2.4 | 3.66 | 36.19 | 39.85 | NOTE | |
r-devel-linux-x86_64-fedora-clang | 2.4 | 88.69 | OK | |||
r-devel-linux-x86_64-fedora-gcc | 2.4 | 83.63 | OK | |||
r-devel-windows-x86_64 | 2.4 | 8.00 | 93.00 | 101.00 | OK | |
r-patched-linux-x86_64 | 2.4 | 6.34 | 46.80 | 53.14 | OK | |
r-release-linux-x86_64 | 2.4 | 5.51 | 46.56 | 52.07 | OK | |
r-release-macos-arm64 | 2.4 | 30.00 | OK | |||
r-release-macos-x86_64 | 2.4 | 52.00 | OK | |||
r-release-windows-x86_64 | 2.4 | 8.00 | 97.00 | 105.00 | OK | |
r-oldrel-macos-arm64 | 2.4 | 30.00 | OK | |||
r-oldrel-macos-x86_64 | 2.4 | 56.00 | OK | |||
r-oldrel-windows-x86_64 | 2.4 | 10.00 | 92.00 | 102.00 | OK |
Version: 2.4
Check: CRAN incoming feasibility
Result: NOTE
Maintainer: ‘Thomas D. Fletcher <t.d.fletcher05@gmail.com>’
No Authors@R field in DESCRIPTION.
Please add one, modifying
Authors@R: person(given = c("Thomas", "D."),
family = "Fletcher",
role = c("aut", "cre"),
email = "t.d.fletcher05@gmail.com")
as necessary.
Flavors: r-devel-linux-x86_64-debian-clang, r-devel-linux-x86_64-debian-gcc