CRAN Package Check Results for Package qqvases

Last updated on 2025-10-05 05:49:43 CEST.

Flavor Version Tinstall Tcheck Ttotal Status Flags
r-devel-linux-x86_64-debian-clang 1.0.0 2.38 20.94 23.32 NOTE
r-devel-linux-x86_64-debian-gcc 1.0.0 1.85 17.16 19.01 NOTE
r-devel-linux-x86_64-fedora-clang 1.0.0 34.86 OK
r-devel-linux-x86_64-fedora-gcc 1.0.0 32.50 OK
r-devel-windows-x86_64 1.0.0 5.00 43.00 48.00 OK
r-patched-linux-x86_64 1.0.0 2.40 19.82 22.22 OK
r-release-linux-x86_64 1.0.0 1.93 20.18 22.11 OK
r-release-macos-arm64 1.0.0 17.00 OK
r-release-macos-x86_64 1.0.0 25.00 OK
r-release-windows-x86_64 1.0.0 5.00 40.00 45.00 OK
r-oldrel-macos-arm64 1.0.0 15.00 OK
r-oldrel-macos-x86_64 1.0.0 22.00 OK
r-oldrel-windows-x86_64 1.0.0 5.00 46.00 51.00 OK

Check Details

Version: 1.0.0
Check: CRAN incoming feasibility
Result: NOTE Maintainer: ‘Robert Stine <stine@upenn.edu>’ No Authors@R field in DESCRIPTION. Please add one, modifying Authors@R: person(given = "Robert", family = "Stine", role = c("aut", "cre"), email = "stine@upenn.edu") as necessary. Flavors: r-devel-linux-x86_64-debian-clang, r-devel-linux-x86_64-debian-gcc