Last updated on 2025-05-21 05:52:01 CEST.
Flavor | Version | Tinstall | Tcheck | Ttotal | Status | Flags |
---|---|---|---|---|---|---|
r-devel-linux-x86_64-debian-clang | 0.2.0 | 4.59 | 44.61 | 49.20 | OK | |
r-devel-linux-x86_64-debian-gcc | 0.2.0 | 3.44 | 34.14 | 37.58 | OK | |
r-devel-linux-x86_64-fedora-clang | 0.2.0 | 78.84 | OK | |||
r-devel-linux-x86_64-fedora-gcc | 0.2.0 | 89.80 | OK | |||
r-devel-windows-x86_64 | 0.2.0 | 6.00 | 69.00 | 75.00 | OK | |
r-patched-linux-x86_64 | 0.2.0 | 4.84 | 42.20 | 47.04 | OK | |
r-release-linux-x86_64 | 0.2.0 | 4.36 | 42.58 | 46.94 | OK | |
r-release-macos-arm64 | 0.2.0 | 40.00 | OK | |||
r-release-macos-x86_64 | 0.2.0 | 62.00 | OK | |||
r-release-windows-x86_64 | 0.2.0 | 6.00 | 81.00 | 87.00 | OK | |
r-oldrel-macos-arm64 | 0.2.0 | 38.00 | NOTE | |||
r-oldrel-macos-x86_64 | 0.2.0 | 54.00 | NOTE | |||
r-oldrel-windows-x86_64 | 0.2.0 | 7.00 | 72.00 | 79.00 | NOTE |
Version: 0.2.0
Check: LazyData
Result: NOTE
'LazyData' is specified without a 'data' directory
Flavors: r-oldrel-macos-arm64, r-oldrel-macos-x86_64, r-oldrel-windows-x86_64