Last updated on 2025-05-21 05:52:01 CEST.
Flavor | Version | Tinstall | Tcheck | Ttotal | Status | Flags |
---|---|---|---|---|---|---|
r-devel-linux-x86_64-debian-clang | 1.4 | 6.56 | 38.08 | 44.64 | OK | |
r-devel-linux-x86_64-debian-gcc | 1.4 | 3.93 | 27.51 | 31.44 | OK | |
r-devel-linux-x86_64-fedora-clang | 1.4 | 77.87 | NOTE | |||
r-devel-linux-x86_64-fedora-gcc | 1.4 | 84.41 | NOTE | |||
r-devel-windows-x86_64 | 1.4 | 9.00 | 65.00 | 74.00 | OK | |
r-patched-linux-x86_64 | 1.4 | 6.46 | 36.57 | 43.03 | OK | |
r-release-linux-x86_64 | 1.4 | 6.61 | 35.97 | 42.58 | OK | |
r-release-macos-arm64 | 1.4 | 37.00 | OK | |||
r-release-macos-x86_64 | 1.4 | 55.00 | OK | |||
r-release-windows-x86_64 | 1.4 | 10.00 | 55.00 | 65.00 | OK | |
r-oldrel-macos-arm64 | 1.4 | 27.00 | OK | |||
r-oldrel-macos-x86_64 | 1.4 | 45.00 | OK | |||
r-oldrel-windows-x86_64 | 1.4 | 11.00 | 62.00 | 73.00 | OK |
Version: 1.4
Check: dependencies in R code
Result: NOTE
Namespace in Imports field not imported from: ‘gtools’
All declared Imports should be used.
Flavors: r-devel-linux-x86_64-fedora-clang, r-devel-linux-x86_64-fedora-gcc