Last updated on 2025-05-21 05:52:01 CEST.
Flavor | Version | Tinstall | Tcheck | Ttotal | Status | Flags |
---|---|---|---|---|---|---|
r-devel-linux-x86_64-debian-clang | 0.1.4 | 109.31 | 34.12 | 143.43 | OK | |
r-devel-linux-x86_64-debian-gcc | 0.1.4 | 83.16 | 26.99 | 110.15 | OK | |
r-devel-linux-x86_64-fedora-clang | 0.1.4 | 344.72 | OK | |||
r-devel-linux-x86_64-fedora-gcc | 0.1.4 | 345.08 | OK | |||
r-devel-windows-x86_64 | 0.1.4 | 135.00 | 96.00 | 231.00 | OK | |
r-patched-linux-x86_64 | 0.1.4 | 116.90 | 32.68 | 149.58 | OK | |
r-release-linux-x86_64 | 0.1.4 | 117.71 | 32.90 | 150.61 | OK | |
r-release-macos-arm64 | 0.1.4 | 70.00 | OK | |||
r-release-macos-x86_64 | 0.1.4 | 91.00 | OK | |||
r-release-windows-x86_64 | 0.1.4 | 139.00 | 92.00 | 231.00 | OK | |
r-oldrel-macos-arm64 | 0.1.4 | 75.00 | NOTE | |||
r-oldrel-macos-x86_64 | 0.1.4 | 109.00 | NOTE | |||
r-oldrel-windows-x86_64 | 0.1.4 | 136.00 | 96.00 | 232.00 | OK |
Version: 0.1.4
Check: installed package size
Result: NOTE
installed size is 9.2Mb
sub-directories of 1Mb or more:
libs 8.9Mb
Flavors: r-oldrel-macos-arm64, r-oldrel-macos-x86_64