CRAN Package Check Results for Package recurrentpseudo

Last updated on 2025-05-21 05:52:01 CEST.

Flavor Version Tinstall Tcheck Ttotal Status Flags
r-devel-linux-x86_64-debian-clang 1.0.0 11.36 107.32 118.68 NOTE
r-devel-linux-x86_64-debian-gcc 1.0.0 8.08 78.00 86.08 NOTE
r-devel-linux-x86_64-fedora-clang 1.0.0 187.12 NOTE
r-devel-linux-x86_64-fedora-gcc 1.0.0 192.14 NOTE
r-devel-windows-x86_64 1.0.0 11.00 116.00 127.00 NOTE
r-patched-linux-x86_64 1.0.0 10.17 100.92 111.09 NOTE
r-release-linux-x86_64 1.0.0 7.15 100.62 107.77 NOTE
r-release-macos-arm64 1.0.0 48.00 NOTE
r-release-macos-x86_64 1.0.0 112.00 NOTE
r-release-windows-x86_64 1.0.0 13.00 119.00 132.00 NOTE
r-oldrel-macos-arm64 1.0.0 55.00 NOTE
r-oldrel-macos-x86_64 1.0.0 92.00 NOTE
r-oldrel-windows-x86_64 1.0.0 15.00 134.00 149.00 NOTE

Check Details

Version: 1.0.0
Check: Rd files
Result: NOTE checkRd: (-1) pseudo.geefit.Rd:17: Lost braces in \itemize; \value handles \item{}{} directly checkRd: (-1) pseudo.geefit.Rd:18: Lost braces in \itemize; \value handles \item{}{} directly checkRd: (-1) pseudo.onedim.Rd:27: Lost braces in \itemize; \value handles \item{}{} directly checkRd: (-1) pseudo.onedim.Rd:28: Lost braces in \itemize; \value handles \item{}{} directly checkRd: (-1) pseudo.onedim.Rd:29: Lost braces in \itemize; \value handles \item{}{} directly checkRd: (-1) pseudo.onedim.Rd:30: Lost braces in \itemize; \value handles \item{}{} directly checkRd: (-1) pseudo.onedim.Rd:31: Lost braces in \itemize; \value handles \item{}{} directly checkRd: (-1) pseudo.threedim.Rd:29: Lost braces in \itemize; \value handles \item{}{} directly checkRd: (-1) pseudo.threedim.Rd:30: Lost braces in \itemize; \value handles \item{}{} directly checkRd: (-1) pseudo.threedim.Rd:31: Lost braces in \itemize; \value handles \item{}{} directly checkRd: (-1) pseudo.threedim.Rd:32: Lost braces in \itemize; \value handles \item{}{} directly checkRd: (-1) pseudo.threedim.Rd:33: Lost braces in \itemize; \value handles \item{}{} directly checkRd: (-1) pseudo.twodim.Rd:27: Lost braces in \itemize; \value handles \item{}{} directly checkRd: (-1) pseudo.twodim.Rd:28: Lost braces in \itemize; \value handles \item{}{} directly checkRd: (-1) pseudo.twodim.Rd:29: Lost braces in \itemize; \value handles \item{}{} directly checkRd: (-1) pseudo.twodim.Rd:30: Lost braces in \itemize; \value handles \item{}{} directly checkRd: (-1) pseudo.twodim.Rd:31: Lost braces in \itemize; \value handles \item{}{} directly Flavors: r-devel-linux-x86_64-debian-clang, r-devel-linux-x86_64-debian-gcc, r-devel-linux-x86_64-fedora-clang, r-devel-linux-x86_64-fedora-gcc, r-devel-windows-x86_64, r-patched-linux-x86_64, r-release-linux-x86_64, r-release-macos-arm64, r-release-macos-x86_64, r-release-windows-x86_64, r-oldrel-macos-arm64, r-oldrel-macos-x86_64, r-oldrel-windows-x86_64