Last updated on 2025-05-21 05:52:01 CEST.
Flavor | Version | Tinstall | Tcheck | Ttotal | Status | Flags |
---|---|---|---|---|---|---|
r-devel-linux-x86_64-debian-clang | 0.4.1 | 11.73 | 84.05 | 95.78 | OK | |
r-devel-linux-x86_64-debian-gcc | 0.4.1 | 7.90 | 57.08 | 64.98 | OK | |
r-devel-linux-x86_64-fedora-clang | 0.4.1 | 149.50 | OK | |||
r-devel-linux-x86_64-fedora-gcc | 0.4.1 | 140.47 | OK | |||
r-devel-windows-x86_64 | 0.4.1 | 15.00 | 107.00 | 122.00 | OK | |
r-patched-linux-x86_64 | 0.4.1 | 11.09 | 78.59 | 89.68 | OK | |
r-release-linux-x86_64 | 0.4.1 | 11.66 | 77.06 | 88.72 | OK | |
r-release-macos-arm64 | 0.4.1 | 41.00 | OK | |||
r-release-macos-x86_64 | 0.4.1 | 70.00 | OK | |||
r-release-windows-x86_64 | 0.4.1 | 15.00 | 98.00 | 113.00 | OK | |
r-oldrel-macos-arm64 | 0.4.1 | 40.00 | NOTE | |||
r-oldrel-macos-x86_64 | 0.4.1 | 57.00 | NOTE | |||
r-oldrel-windows-x86_64 | 0.4.1 | 20.00 | 118.00 | 138.00 | NOTE |
Version: 0.4.1
Check: LazyData
Result: NOTE
'LazyData' is specified without a 'data' directory
Flavors: r-oldrel-macos-arm64, r-oldrel-macos-x86_64, r-oldrel-windows-x86_64