Last updated on 2025-05-21 05:52:03 CEST.
Flavor | Version | Tinstall | Tcheck | Ttotal | Status | Flags |
---|---|---|---|---|---|---|
r-devel-linux-x86_64-debian-clang | 1.1.0 | 2.52 | 33.70 | 36.22 | NOTE | |
r-devel-linux-x86_64-debian-gcc | 1.1.0 | 1.66 | 26.23 | 27.89 | NOTE | |
r-devel-linux-x86_64-fedora-clang | 1.1.0 | 55.57 | NOTE | |||
r-devel-linux-x86_64-fedora-gcc | 1.1.0 | 67.00 | NOTE | |||
r-devel-windows-x86_64 | 1.1.0 | 4.00 | 72.00 | 76.00 | NOTE | |
r-patched-linux-x86_64 | 1.1.0 | 2.87 | 30.74 | 33.61 | NOTE | |
r-release-linux-x86_64 | 1.1.0 | 1.91 | 31.29 | 33.20 | NOTE | |
r-release-macos-arm64 | 1.1.0 | 34.00 | NOTE | |||
r-release-macos-x86_64 | 1.1.0 | 53.00 | NOTE | |||
r-release-windows-x86_64 | 1.1.0 | 5.00 | 73.00 | 78.00 | NOTE | |
r-oldrel-macos-arm64 | 1.1.0 | 28.00 | NOTE | |||
r-oldrel-macos-x86_64 | 1.1.0 | 40.00 | NOTE | |||
r-oldrel-windows-x86_64 | 1.1.0 | 4.00 | 67.00 | 71.00 | NOTE |
Version: 1.1.0
Check: Rd files
Result: NOTE
checkRd: (-1) rt_GET.Rd:13: Lost braces
13 | code{\link[httr]{GET}} (\code{TRUE}) or not (\code{FALSE})}
| ^
checkRd: (-1) rt_POST.Rd:13: Lost braces
13 | code{\link[httr]{POST}} (\code{TRUE}) or not (\code{FALSE})}
| ^
Flavors: r-devel-linux-x86_64-debian-clang, r-devel-linux-x86_64-debian-gcc, r-devel-linux-x86_64-fedora-clang, r-devel-linux-x86_64-fedora-gcc, r-devel-windows-x86_64, r-patched-linux-x86_64, r-release-linux-x86_64, r-release-macos-arm64, r-release-macos-x86_64, r-release-windows-x86_64, r-oldrel-macos-arm64, r-oldrel-macos-x86_64, r-oldrel-windows-x86_64