Last updated on 2025-05-21 05:52:04 CEST.
Flavor | Version | Tinstall | Tcheck | Ttotal | Status | Flags |
---|---|---|---|---|---|---|
r-devel-linux-x86_64-debian-clang | 0.3.0 | 5.99 | 430.71 | 436.70 | OK | |
r-devel-linux-x86_64-debian-gcc | 0.3.0 | 3.93 | 265.35 | 269.28 | OK | |
r-devel-linux-x86_64-fedora-clang | 0.3.0 | 737.80 | OK | |||
r-devel-linux-x86_64-fedora-gcc | 0.3.0 | 738.09 | OK | |||
r-devel-windows-x86_64 | 0.3.0 | 8.00 | 367.00 | 375.00 | OK | |
r-patched-linux-x86_64 | 0.3.0 | 5.82 | 401.91 | 407.73 | OK | |
r-release-linux-x86_64 | 0.3.0 | 4.28 | 403.67 | 407.95 | OK | |
r-release-macos-arm64 | 0.3.0 | 230.00 | OK | |||
r-release-macos-x86_64 | 0.3.0 | 343.00 | OK | |||
r-release-windows-x86_64 | 0.3.0 | 7.00 | 360.00 | 367.00 | OK | |
r-oldrel-macos-arm64 | 0.3.0 | 156.00 | NOTE | |||
r-oldrel-macos-x86_64 | 0.3.0 | 256.00 | NOTE | |||
r-oldrel-windows-x86_64 | 0.3.0 | 10.00 | 457.00 | 467.00 | NOTE |
Version: 0.3.0
Check: LazyData
Result: NOTE
'LazyData' is specified without a 'data' directory
Flavors: r-oldrel-macos-arm64, r-oldrel-macos-x86_64, r-oldrel-windows-x86_64