Last updated on 2025-10-05 05:49:46 CEST.
Flavor | Version | Tinstall | Tcheck | Ttotal | Status | Flags |
---|---|---|---|---|---|---|
r-devel-linux-x86_64-debian-clang | 1.1.0 | 6.21 | 69.67 | 75.88 | NOTE | |
r-devel-linux-x86_64-debian-gcc | 1.1.0 | 4.72 | 50.98 | 55.70 | NOTE | |
r-devel-linux-x86_64-fedora-clang | 1.1.0 | 115.55 | NOTE | |||
r-devel-linux-x86_64-fedora-gcc | 1.1.0 | 127.27 | NOTE | |||
r-devel-windows-x86_64 | 1.1.0 | 12.00 | 81.00 | 93.00 | NOTE | |
r-patched-linux-x86_64 | 1.1.0 | 5.46 | 64.04 | 69.50 | NOTE | |
r-release-linux-x86_64 | 1.1.0 | 6.02 | 65.20 | 71.22 | NOTE | |
r-release-macos-arm64 | 1.1.0 | 57.00 | NOTE | |||
r-release-macos-x86_64 | 1.1.0 | 71.00 | NOTE | |||
r-release-windows-x86_64 | 1.1.0 | 8.00 | 83.00 | 91.00 | NOTE | |
r-oldrel-macos-arm64 | 1.1.0 | 39.00 | OK | |||
r-oldrel-macos-x86_64 | 1.1.0 | 104.00 | OK | |||
r-oldrel-windows-x86_64 | 1.1.0 | 12.00 | 102.00 | 114.00 | OK |
Version: 1.1.0
Check: DESCRIPTION meta-information
Result: NOTE
Missing dependency on R >= 4.1.0 because package code uses the pipe
|> or function shorthand \(...) syntax added in R 4.1.0.
File(s) using such syntax:
‘sgraph_utils.R’
Flavors: r-devel-linux-x86_64-debian-clang, r-devel-linux-x86_64-debian-gcc, r-devel-linux-x86_64-fedora-clang, r-devel-linux-x86_64-fedora-gcc, r-devel-windows-x86_64, r-patched-linux-x86_64, r-release-linux-x86_64, r-release-macos-arm64, r-release-macos-x86_64, r-release-windows-x86_64