CRAN Package Check Results for Package shape

Last updated on 2025-10-05 05:49:46 CEST.

Flavor Version Tinstall Tcheck Ttotal Status Flags
r-devel-linux-x86_64-debian-clang 1.4.6.1 2.74 40.98 43.72 NOTE
r-devel-linux-x86_64-debian-gcc 1.4.6.1 1.82 31.29 33.11 NOTE
r-devel-linux-x86_64-fedora-clang 1.4.6.1 62.05 OK
r-devel-linux-x86_64-fedora-gcc 1.4.6.1 73.35 OK
r-devel-windows-x86_64 1.4.6.1 5.00 78.00 83.00 OK
r-patched-linux-x86_64 1.4.6.1 2.87 39.61 42.48 OK
r-release-linux-x86_64 1.4.6.1 2.01 39.66 41.67 OK
r-release-macos-arm64 1.4.6.1 37.00 OK
r-release-macos-x86_64 1.4.6.1 60.00 OK
r-release-windows-x86_64 1.4.6.1 6.00 84.00 90.00 OK
r-oldrel-macos-arm64 1.4.6.1 35.00 OK
r-oldrel-macos-x86_64 1.4.6.1 50.00 OK
r-oldrel-windows-x86_64 1.4.6.1 6.00 77.00 83.00 OK

Check Details

Version: 1.4.6.1
Check: CRAN incoming feasibility
Result: NOTE Maintainer: ‘Karline Soetaert <karline.soetaert@nioz.nl>’ No Authors@R field in DESCRIPTION. Please add one, modifying Authors@R: person(given = "Karline", family = "Soetaert", role = c("aut", "cre"), email = "karline.soetaert@nioz.nl") as necessary. Flavors: r-devel-linux-x86_64-debian-clang, r-devel-linux-x86_64-debian-gcc