Last updated on 2025-05-21 05:52:04 CEST.
Flavor | Version | Tinstall | Tcheck | Ttotal | Status | Flags |
---|---|---|---|---|---|---|
r-devel-linux-x86_64-debian-clang | 0.2.0 | 7.90 | 62.65 | 70.55 | OK | |
r-devel-linux-x86_64-debian-gcc | 0.2.0 | 6.56 | 43.25 | 49.81 | OK | |
r-devel-linux-x86_64-fedora-clang | 0.2.0 | 105.45 | OK | |||
r-devel-linux-x86_64-fedora-gcc | 0.2.0 | 103.55 | OK | |||
r-devel-windows-x86_64 | 0.2.0 | 11.00 | 81.00 | 92.00 | OK | |
r-patched-linux-x86_64 | 0.2.0 | 7.37 | 55.94 | 63.31 | OK | |
r-release-linux-x86_64 | 0.2.0 | 7.17 | 56.11 | 63.28 | OK | |
r-release-macos-arm64 | 0.2.0 | 34.00 | OK | |||
r-release-macos-x86_64 | 0.2.0 | 52.00 | OK | |||
r-release-windows-x86_64 | 0.2.0 | 11.00 | 72.00 | 83.00 | OK | |
r-oldrel-macos-arm64 | 0.2.0 | 30.00 | NOTE | |||
r-oldrel-macos-x86_64 | 0.2.0 | 45.00 | NOTE | |||
r-oldrel-windows-x86_64 | 0.2.0 | 13.00 | 89.00 | 102.00 | NOTE |
Version: 0.2.0
Check: LazyData
Result: NOTE
'LazyData' is specified without a 'data' directory
Flavors: r-oldrel-macos-arm64, r-oldrel-macos-x86_64, r-oldrel-windows-x86_64