CRAN Package Check Results for Package spAddins

Last updated on 2025-05-21 05:52:05 CEST.

Flavor Version Tinstall Tcheck Ttotal Status Flags
r-devel-linux-x86_64-debian-clang 0.2.0 1.93 24.52 26.45 NOTE
r-devel-linux-x86_64-debian-gcc 0.2.0 1.60 20.26 21.86 NOTE
r-devel-linux-x86_64-fedora-clang 0.2.0 41.30 OK
r-devel-linux-x86_64-fedora-gcc 0.2.0 53.51 OK
r-devel-windows-x86_64 0.2.0 4.00 64.00 68.00 OK
r-patched-linux-x86_64 0.2.0 2.37 22.29 24.66 OK
r-release-linux-x86_64 0.2.0 2.07 22.13 24.20 OK
r-release-macos-arm64 0.2.0 36.00 OK
r-release-macos-x86_64 0.2.0 48.00 OK
r-release-windows-x86_64 0.2.0 3.00 65.00 68.00 OK
r-oldrel-macos-arm64 0.2.0 26.00 NOTE
r-oldrel-macos-x86_64 0.2.0 34.00 NOTE
r-oldrel-windows-x86_64 0.2.0 4.00 53.00 57.00 NOTE

Check Details

Version: 0.2.0
Check: CRAN incoming feasibility
Result: NOTE Maintainer: ‘Vilmantas Gegzna <GegznaV@gmail.com>’ Found the following (possibly) invalid file URI: URI: /commits/master From: README.md Flavors: r-devel-linux-x86_64-debian-clang, r-devel-linux-x86_64-debian-gcc

Version: 0.2.0
Check: LazyData
Result: NOTE 'LazyData' is specified without a 'data' directory Flavors: r-oldrel-macos-arm64, r-oldrel-macos-x86_64, r-oldrel-windows-x86_64