Last updated on 2025-05-21 05:52:05 CEST.
Flavor | Version | Tinstall | Tcheck | Ttotal | Status | Flags |
---|---|---|---|---|---|---|
r-devel-linux-x86_64-debian-clang | 0.1.0 | 5.96 | 52.50 | 58.46 | OK | |
r-devel-linux-x86_64-debian-gcc | 0.1.0 | 4.41 | 38.46 | 42.87 | OK | |
r-devel-linux-x86_64-fedora-clang | 0.1.0 | 93.71 | OK | |||
r-devel-linux-x86_64-fedora-gcc | 0.1.0 | 88.76 | OK | |||
r-devel-windows-x86_64 | 0.1.0 | 8.00 | 78.00 | 86.00 | OK | |
r-patched-linux-x86_64 | 0.1.0 | 5.80 | 49.30 | 55.10 | OK | |
r-release-linux-x86_64 | 0.1.0 | 6.17 | 48.95 | 55.12 | OK | |
r-release-macos-arm64 | 0.1.0 | 29.00 | OK | |||
r-release-macos-x86_64 | 0.1.0 | 55.00 | OK | |||
r-release-windows-x86_64 | 0.1.0 | 7.00 | 79.00 | 86.00 | OK | |
r-oldrel-macos-arm64 | 0.1.0 | 28.00 | NOTE | |||
r-oldrel-macos-x86_64 | 0.1.0 | 44.00 | NOTE | |||
r-oldrel-windows-x86_64 | 0.1.0 | 10.00 | 80.00 | 90.00 | NOTE |
Version: 0.1.0
Check: LazyData
Result: NOTE
'LazyData' is specified without a 'data' directory
Flavors: r-oldrel-macos-arm64, r-oldrel-macos-x86_64, r-oldrel-windows-x86_64