Last updated on 2025-05-21 05:52:05 CEST.
Flavor | Version | Tinstall | Tcheck | Ttotal | Status | Flags |
---|---|---|---|---|---|---|
r-devel-linux-x86_64-debian-clang | 3.1.0 | 93.90 | 349.94 | 443.84 | OK | |
r-devel-linux-x86_64-debian-gcc | 3.1.0 | 61.59 | 231.62 | 293.21 | ERROR | |
r-devel-linux-x86_64-fedora-clang | 3.1.0 | 765.57 | ERROR | |||
r-devel-linux-x86_64-fedora-gcc | 3.1.0 | 635.88 | ERROR | |||
r-devel-windows-x86_64 | 3.1.0 | 112.00 | 811.00 | 923.00 | ERROR | |
r-patched-linux-x86_64 | 3.1.0 | 89.04 | 338.00 | 427.04 | OK | |
r-release-linux-x86_64 | 3.1.0 | 88.07 | 343.39 | 431.46 | OK | |
r-release-macos-arm64 | 3.1.0 | 208.00 | OK | |||
r-release-macos-x86_64 | 3.1.0 | 457.00 | OK | |||
r-release-windows-x86_64 | 3.1.0 | 111.00 | 716.00 | 827.00 | OK | |
r-oldrel-macos-arm64 | 3.1.0 | 209.00 | OK | |||
r-oldrel-macos-x86_64 | 3.1.0 | 515.00 | OK | |||
r-oldrel-windows-x86_64 | 3.1.0 | 129.00 | 810.00 | 939.00 | OK |
Version: 3.1.0
Check: tests
Result: ERROR
Running ‘testthat.R’ [171s/222s]
Running the tests in ‘tests/testthat.R’ failed.
Complete output:
>
> library(spatialwarnings)
Loading required package: future
This is spatialwarnings 3.1.0
Use plan(multisession) to set up parallel processing
> if ( require("testthat") ) {
+ test_check("spatialwarnings")
+ }
Loading required package: testthat
| | 0%
| |1.5625% ~2 m remaining
|= |3.125% ~2 m remaining
|== |4.6875% ~2 m remaining
|=== |6.25% ~2 m remaining
|==== |7.8125% ~2 m remaining
|==== |9.375% ~2 m remaining
|===== |10.9375% ~2 m remaining
|====== |12.5% ~2 m remaining
|======= |14.0625% ~2 m remaining
|======== |15.625% ~1 m remaining
|======== |17.1875% ~1 m remaining
|========= |18.75% ~1 m remaining
|========== |20.3125% ~1 m remaining
|=========== |21.875% ~1 m remaining
|============ |23.4375% ~1 m remaining
|============= | 25% ~1 m remaining
|============= |26.5625% ~1 m remaining
|============== |28.125% ~1 m remaining
|=============== |29.6875% ~1 m remaining
|================ |31.25% ~1 m remaining
|================= |32.8125% ~1 m remaining
|================= |34.375% ~1 m remaining
|================== |35.9375% ~1 m remaining
|=================== |37.5% ~1 m remaining
|==================== |39.0625% ~58 s remaining
|===================== |40.625% ~56 s remaining
|===================== |42.1875% ~55 s remaining
|====================== |43.75% ~53 s remaining
|======================= |45.3125% ~51 s remaining
|======================== |46.875% ~49 s remaining
|========================= |48.4375% ~48 s remaining
|========================== | 50% ~46 s remaining
|========================== |51.5625% ~44 s remaining
|=========================== |53.125% ~43 s remaining
|============================ |54.6875% ~41 s remaining
|============================= |56.25% ~40 s remaining
|============================== |57.8125% ~38 s remaining
|============================== |59.375% ~37 s remaining
|=============================== |60.9375% ~35 s remaining
|================================ |62.5% ~34 s remaining
|================================= |64.0625% ~32 s remaining
|================================== |65.625% ~31 s remaining
|================================== |67.1875% ~29 s remaining
|=================================== |68.75% ~28 s remaining
|==================================== |70.3125% ~27 s remaining
|===================================== |71.875% ~25 s remaining
|====================================== |73.4375% ~24 s remaining
|======================================= | 75% ~23 s remaining
|======================================= |76.5625% ~21 s remaining
|======================================== |78.125% ~20 s remaining
|========================================= |79.6875% ~19 s remaining
|========================================== |81.25% ~17 s remaining
|=========================================== |82.8125% ~16 s remaining
|=========================================== |84.375% ~14 s remaining
|============================================ |85.9375% ~13 s remaining
|============================================= |87.5% ~12 s remaining
|============================================== |89.0625% ~10 s remaining
|=============================================== |90.625% ~9 s remaining
|=============================================== |92.1875% ~7 s remaining
|================================================ |93.75% ~6 s remaining
|================================================= |95.3125% ~4 s remaining
|================================================== |96.875% ~3 s remaining
|=================================================== |98.4375% ~1 s remaining
|====================================================|100% ~0 s remaining
|====================================================|100% Completed after 2 m
[ FAIL 1 | WARN 2 | SKIP 2 | PASS 165 ]
══ Skipped tests (2) ═══════════════════════════════════════════════════════════
• On CRAN (2): 'test-custom_indicator.R:25:3', 'test-workflows.R:33:3'
══ Failed tests ════════════════════════════════════════════════════════════════
── Error ('test-kbdm.R:26:3'): Kbdm results are correct ────────────────────────
Error in `acss::acss(names(counts), alphabet = 2)`: object 'acss_data' not found
Backtrace:
▆
1. ├─base::as.data.frame(kbdm_sews(matrices)) at test-kbdm.R:26:3
2. └─spatialwarnings::kbdm_sews(matrices)
3. └─spatialwarnings::compute_indicator(...)
4. └─spatialwarnings (local) indicfun(mat, ...)
5. └─spatialwarnings:::future_lapply_seed(mat, get_one_result, ...)
6. └─future.apply::future_lapply(..., future.globals = FALSE, future.seed = TRUE)
7. └─future.apply:::future_xapply(...)
8. ├─future::value(fs)
9. └─future:::value.list(fs)
[ FAIL 1 | WARN 2 | SKIP 2 | PASS 165 ]
Error: Test failures
Execution halted
Flavor: r-devel-linux-x86_64-debian-gcc
Version: 3.1.0
Check: tests
Result: ERROR
Running ‘testthat.R’ [419s/423s]
Running the tests in ‘tests/testthat.R’ failed.
Complete output:
>
> library(spatialwarnings)
Loading required package: future
This is spatialwarnings 3.1.0
Use plan(multisession) to set up parallel processing
> if ( require("testthat") ) {
+ test_check("spatialwarnings")
+ }
Loading required package: testthat
| | 0%
| |1.5625% ~4 m remaining
|= |3.125% ~3 m remaining
|== |4.6875% ~3 m remaining
|=== |6.25% ~3 m remaining
|==== |7.8125% ~3 m remaining
|==== |9.375% ~3 m remaining
|===== |10.9375% ~2 m remaining
|====== |12.5% ~2 m remaining
|======= |14.0625% ~2 m remaining
|======== |15.625% ~2 m remaining
|======== |17.1875% ~2 m remaining
|========= |18.75% ~2 m remaining
|========== |20.3125% ~2 m remaining
|=========== |21.875% ~2 m remaining
|============ |23.4375% ~2 m remaining
|============= | 25% ~2 m remaining
|============= |26.5625% ~2 m remaining
|============== |28.125% ~2 m remaining
|=============== |29.6875% ~2 m remaining
|================ |31.25% ~2 m remaining
|================= |32.8125% ~2 m remaining
|================= |34.375% ~2 m remaining
|================== |35.9375% ~2 m remaining
|=================== |37.5% ~2 m remaining
|==================== |39.0625% ~1 m remaining
|===================== |40.625% ~1 m remaining
|===================== |42.1875% ~1 m remaining
|====================== |43.75% ~1 m remaining
|======================= |45.3125% ~1 m remaining
|======================== |46.875% ~1 m remaining
|========================= |48.4375% ~1 m remaining
|========================== | 50% ~1 m remaining
|========================== |51.5625% ~1 m remaining
|=========================== |53.125% ~1 m remaining
|============================ |54.6875% ~1 m remaining
|============================= |56.25% ~1 m remaining
|============================== |57.8125% ~1 m remaining
|============================== |59.375% ~59 s remaining
|=============================== |60.9375% ~56 s remaining
|================================ |62.5% ~54 s remaining
|================================= |64.0625% ~52 s remaining
|================================== |65.625% ~49 s remaining
|================================== |67.1875% ~47 s remaining
|=================================== |68.75% ~45 s remaining
|==================================== |70.3125% ~43 s remaining
|===================================== |71.875% ~40 s remaining
|====================================== |73.4375% ~38 s remaining
|======================================= | 75% ~36 s remaining
|======================================= |76.5625% ~34 s remaining
|======================================== |78.125% ~31 s remaining
|========================================= |79.6875% ~29 s remaining
|========================================== |81.25% ~27 s remaining
|=========================================== |82.8125% ~25 s remaining
|=========================================== |84.375% ~22 s remaining
|============================================ |85.9375% ~20 s remaining
|============================================= |87.5% ~18 s remaining
|============================================== |89.0625% ~16 s remaining
|=============================================== |90.625% ~13 s remaining
|=============================================== |92.1875% ~11 s remaining
|================================================ |93.75% ~9 s remaining
|================================================= |95.3125% ~7 s remaining
|================================================== |96.875% ~4 s remaining
|=================================================== |98.4375% ~2 s remaining
|====================================================|100% ~0 s remaining
|====================================================|100% Completed after 2 m
[ FAIL 1 | WARN 2 | SKIP 2 | PASS 165 ]
══ Skipped tests (2) ═══════════════════════════════════════════════════════════
• On CRAN (2): 'test-custom_indicator.R:25:3', 'test-workflows.R:33:3'
══ Failed tests ════════════════════════════════════════════════════════════════
── Error ('test-kbdm.R:26:3'): Kbdm results are correct ────────────────────────
Error in `acss::acss(names(counts), alphabet = 2)`: object 'acss_data' not found
Backtrace:
▆
1. ├─base::as.data.frame(kbdm_sews(matrices)) at test-kbdm.R:26:3
2. └─spatialwarnings::kbdm_sews(matrices)
3. └─spatialwarnings::compute_indicator(...)
4. └─spatialwarnings (local) indicfun(mat, ...)
5. └─spatialwarnings:::future_lapply_seed(mat, get_one_result, ...)
6. └─future.apply::future_lapply(..., future.globals = FALSE, future.seed = TRUE)
7. └─future.apply:::future_xapply(...)
8. ├─future::value(fs)
9. └─future:::value.list(fs)
[ FAIL 1 | WARN 2 | SKIP 2 | PASS 165 ]
Error: Test failures
Execution halted
Flavor: r-devel-linux-x86_64-fedora-clang
Version: 3.1.0
Check: tests
Result: ERROR
Running ‘testthat.R’ [326s/368s]
Running the tests in ‘tests/testthat.R’ failed.
Complete output:
>
> library(spatialwarnings)
Loading required package: future
This is spatialwarnings 3.1.0
Use plan(multisession) to set up parallel processing
> if ( require("testthat") ) {
+ test_check("spatialwarnings")
+ }
Loading required package: testthat
| | 0%
| |1.5625% ~3 m remaining
|= |3.125% ~3 m remaining
|== |4.6875% ~2 m remaining
|=== |6.25% ~2 m remaining
|==== |7.8125% ~2 m remaining
|==== |9.375% ~2 m remaining
|===== |10.9375% ~2 m remaining
|====== |12.5% ~2 m remaining
|======= |14.0625% ~2 m remaining
|======== |15.625% ~2 m remaining
|======== |17.1875% ~2 m remaining
|========= |18.75% ~2 m remaining
|========== |20.3125% ~2 m remaining
|=========== |21.875% ~2 m remaining
|============ |23.4375% ~2 m remaining
|============= | 25% ~1 m remaining
|============= |26.5625% ~1 m remaining
|============== |28.125% ~1 m remaining
|=============== |29.6875% ~1 m remaining
|================ |31.25% ~1 m remaining
|================= |32.8125% ~1 m remaining
|================= |34.375% ~1 m remaining
|================== |35.9375% ~1 m remaining
|=================== |37.5% ~1 m remaining
|==================== |39.0625% ~1 m remaining
|===================== |40.625% ~1 m remaining
|===================== |42.1875% ~1 m remaining
|====================== |43.75% ~1 m remaining
|======================= |45.3125% ~1 m remaining
|======================== |46.875% ~1 m remaining
|========================= |48.4375% ~59 s remaining
|========================== | 50% ~57 s remaining
|========================== |51.5625% ~55 s remaining
|=========================== |53.125% ~53 s remaining
|============================ |54.6875% ~51 s remaining
|============================= |56.25% ~49 s remaining
|============================== |57.8125% ~47 s remaining
|============================== |59.375% ~46 s remaining
|=============================== |60.9375% ~44 s remaining
|================================ |62.5% ~42 s remaining
|================================= |64.0625% ~40 s remaining
|================================== |65.625% ~38 s remaining
|================================== |67.1875% ~36 s remaining
|=================================== |68.75% ~35 s remaining
|==================================== |70.3125% ~33 s remaining
|===================================== |71.875% ~31 s remaining
|====================================== |73.4375% ~29 s remaining
|======================================= | 75% ~28 s remaining
|======================================= |76.5625% ~26 s remaining
|======================================== |78.125% ~24 s remaining
|========================================= |79.6875% ~22 s remaining
|========================================== |81.25% ~21 s remaining
|=========================================== |82.8125% ~19 s remaining
|=========================================== |84.375% ~17 s remaining
|============================================ |85.9375% ~15 s remaining
|============================================= |87.5% ~14 s remaining
|============================================== |89.0625% ~12 s remaining
|=============================================== |90.625% ~10 s remaining
|=============================================== |92.1875% ~8 s remaining
|================================================ |93.75% ~7 s remaining
|================================================= |95.3125% ~5 s remaining
|================================================== |96.875% ~3 s remaining
|=================================================== |98.4375% ~2 s remaining
|====================================================|100% ~0 s remaining
|====================================================|100% Completed after 2 m
[ FAIL 1 | WARN 2 | SKIP 2 | PASS 165 ]
══ Skipped tests (2) ═══════════════════════════════════════════════════════════
• On CRAN (2): 'test-custom_indicator.R:25:3', 'test-workflows.R:33:3'
══ Failed tests ════════════════════════════════════════════════════════════════
── Error ('test-kbdm.R:26:3'): Kbdm results are correct ────────────────────────
Error in `acss::acss(names(counts), alphabet = 2)`: object 'acss_data' not found
Backtrace:
▆
1. ├─base::as.data.frame(kbdm_sews(matrices)) at test-kbdm.R:26:3
2. └─spatialwarnings::kbdm_sews(matrices)
3. └─spatialwarnings::compute_indicator(...)
4. └─spatialwarnings (local) indicfun(mat, ...)
5. └─spatialwarnings:::future_lapply_seed(mat, get_one_result, ...)
6. └─future.apply::future_lapply(..., future.globals = FALSE, future.seed = TRUE)
7. └─future.apply:::future_xapply(...)
8. ├─future::value(fs)
9. └─future:::value.list(fs)
[ FAIL 1 | WARN 2 | SKIP 2 | PASS 165 ]
Error: Test failures
Execution halted
Flavor: r-devel-linux-x86_64-fedora-gcc
Version: 3.1.0
Check: tests
Result: ERROR
Running 'testthat.R' [561s]
Running the tests in 'tests/testthat.R' failed.
Complete output:
>
> library(spatialwarnings)
Loading required package: future
This is spatialwarnings 3.1.0
Use plan(multisession) to set up parallel processing
> if ( require("testthat") ) {
+ test_check("spatialwarnings")
+ }
Loading required package: testthat
| | 0%
| |1.5625% ~4 m remaining
|= |3.125% ~4 m remaining
|== |4.6875% ~5 m remaining
|=== |6.25% ~4 m remaining
|==== |7.8125% ~5 m remaining
|==== |9.375% ~4 m remaining
|===== |10.9375% ~4 m remaining
|====== |12.5% ~4 m remaining
|======= |14.0625% ~4 m remaining
|======== |15.625% ~4 m remaining
|======== |17.1875% ~4 m remaining
|========= |18.75% ~4 m remaining
|========== |20.3125% ~4 m remaining
|=========== |21.875% ~3 m remaining
|============ |23.4375% ~3 m remaining
|============= | 25% ~3 m remaining
|============= |26.5625% ~3 m remaining
|============== |28.125% ~3 m remaining
|=============== |29.6875% ~3 m remaining
|================ |31.25% ~3 m remaining
|================= |32.8125% ~3 m remaining
|================= |34.375% ~3 m remaining
|================== |35.9375% ~3 m remaining
|=================== |37.5% ~3 m remaining
|==================== |39.0625% ~2 m remaining
|===================== |40.625% ~2 m remaining
|===================== |42.1875% ~2 m remaining
|====================== |43.75% ~2 m remaining
|======================= |45.3125% ~2 m remaining
|======================== |46.875% ~2 m remaining
|========================= |48.4375% ~2 m remaining
|========================== | 50% ~2 m remaining
|========================== |51.5625% ~2 m remaining
|=========================== |53.125% ~2 m remaining
|============================ |54.6875% ~2 m remaining
|============================= |56.25% ~2 m remaining
|============================== |57.8125% ~2 m remaining
|============================== |59.375% ~2 m remaining
|=============================== |60.9375% ~2 m remaining
|================================ |62.5% ~2 m remaining
|================================= |64.0625% ~1 m remaining
|================================== |65.625% ~1 m remaining
|================================== |67.1875% ~1 m remaining
|=================================== |68.75% ~1 m remaining
|==================================== |70.3125% ~1 m remaining
|===================================== |71.875% ~1 m remaining
|====================================== |73.4375% ~1 m remaining
|======================================= | 75% ~60 s remaining
|======================================= |76.5625% ~55 s remaining
|======================================== |78.125% ~51 s remaining
|========================================= |79.6875% ~48 s remaining
|========================================== |81.25% ~44 s remaining
|=========================================== |82.8125% ~41 s remaining
|=========================================== |84.375% ~37 s remaining
|============================================ |85.9375% ~33 s remaining
|============================================= |87.5% ~30 s remaining
|============================================== |89.0625% ~26 s remaining
|=============================================== |90.625% ~22 s remaining
|=============================================== |92.1875% ~18 s remaining
|================================================ |93.75% ~15 s remaining
|================================================= |95.3125% ~11 s remaining
|================================================== |96.875% ~7 s remaining
|=================================================== |98.4375% ~4 s remaining
|====================================================|100% ~0 s remaining
|====================================================|100% Completed after 4 m
[ FAIL 1 | WARN 2 | SKIP 2 | PASS 165 ]
══ Skipped tests (2) ═══════════════════════════════════════════════════════════
• On CRAN (2): 'test-custom_indicator.R:25:3', 'test-workflows.R:33:3'
══ Failed tests ════════════════════════════════════════════════════════════════
── Error ('test-kbdm.R:26:3'): Kbdm results are correct ────────────────────────
Error in `acss::acss(names(counts), alphabet = 2)`: object 'acss_data' not found
Backtrace:
▆
1. ├─base::as.data.frame(kbdm_sews(matrices)) at test-kbdm.R:26:3
2. └─spatialwarnings::kbdm_sews(matrices)
3. └─spatialwarnings::compute_indicator(...)
4. └─spatialwarnings (local) indicfun(mat, ...)
5. └─spatialwarnings:::future_lapply_seed(mat, get_one_result, ...)
6. └─future.apply::future_lapply(..., future.globals = FALSE, future.seed = TRUE)
7. └─future.apply:::future_xapply(...)
8. ├─future::value(fs)
9. └─future:::value.list(fs)
[ FAIL 1 | WARN 2 | SKIP 2 | PASS 165 ]
Error: Test failures
Execution halted
Flavor: r-devel-windows-x86_64