Last updated on 2025-05-21 05:52:05 CEST.
Flavor | Version | Tinstall | Tcheck | Ttotal | Status | Flags |
---|---|---|---|---|---|---|
r-devel-linux-x86_64-debian-clang | 3.3-6 | 49.58 | 335.02 | 384.60 | OK | |
r-devel-linux-x86_64-debian-gcc | 3.4-1 | 41.03 | 232.99 | 274.02 | OK | |
r-devel-linux-x86_64-fedora-clang | 3.4-1 | 619.08 | OK | |||
r-devel-linux-x86_64-fedora-gcc | 3.4-1 | 594.33 | OK | |||
r-devel-windows-x86_64 | 3.3-6 | 81.00 | 495.00 | 576.00 | OK | |
r-patched-linux-x86_64 | 3.3-6 | 74.54 | 312.44 | 386.98 | OK | |
r-release-linux-x86_64 | 3.3-6 | 61.02 | 320.04 | 381.06 | OK | |
r-release-macos-arm64 | 3.4-1 | 101.00 | OK | |||
r-release-macos-x86_64 | 3.4-1 | 283.00 | OK | |||
r-release-windows-x86_64 | 3.4-1 | 75.00 | 395.00 | 470.00 | OK | |
r-oldrel-macos-arm64 | 3.4-1 | 152.00 | NOTE | |||
r-oldrel-macos-x86_64 | 3.4-1 | 333.00 | NOTE | |||
r-oldrel-windows-x86_64 | 3.3-6 | 101.00 | 543.00 | 644.00 | OK |
Version: 3.4-1
Check: installed package size
Result: NOTE
installed size is 5.2Mb
sub-directories of 1Mb or more:
R 2.1Mb
help 2.0Mb
Flavors: r-oldrel-macos-arm64, r-oldrel-macos-x86_64