Last updated on 2025-10-05 05:49:47 CEST.
Flavor | Version | Tinstall | Tcheck | Ttotal | Status | Flags |
---|---|---|---|---|---|---|
r-devel-linux-x86_64-debian-clang | 3.4-1 | 8.98 | 173.96 | 182.94 | OK | |
r-devel-linux-x86_64-debian-gcc | 3.4-1 | 6.71 | 129.00 | 135.71 | OK | |
r-devel-linux-x86_64-fedora-clang | 3.4-1 | 277.46 | OK | |||
r-devel-linux-x86_64-fedora-gcc | 3.4-1 | 287.94 | OK | |||
r-devel-windows-x86_64 | 3.4-1 | 10.00 | 242.00 | 252.00 | OK | |
r-patched-linux-x86_64 | 3.4-1 | 9.17 | 168.83 | 178.00 | OK | |
r-release-linux-x86_64 | 3.4-1 | 8.32 | 170.49 | 178.81 | OK | |
r-release-macos-arm64 | 3.4-0 | 86.00 | OK | |||
r-release-macos-x86_64 | 3.4-1 | 296.00 | OK | |||
r-release-windows-x86_64 | 3.4-1 | 8.00 | 224.00 | 232.00 | OK | |
r-oldrel-macos-arm64 | 3.4-0 | 90.00 | NOTE | |||
r-oldrel-macos-x86_64 | 3.4-1 | 304.00 | NOTE | |||
r-oldrel-windows-x86_64 | 3.4-1 | 12.00 | 264.00 | 276.00 | NOTE |
Version: 3.4-0
Check: package dependencies
Result: NOTE
Depends: includes the non-default packages:
'spatstat.data', 'spatstat.univar', 'spatstat.geom',
'spatstat.random', 'spatstat.explore', 'spatstat.model',
'spatstat.linnet'
Adding so many packages to the search path is excessive and importing
selectively is preferable.
Flavor: r-oldrel-macos-arm64
Version: 3.4-0
Check: installed package size
Result: NOTE
installed size is 5.3Mb
sub-directories of 1Mb or more:
doc 4.6Mb
Flavor: r-oldrel-macos-arm64
Version: 3.4-1
Check: package dependencies
Result: NOTE
Depends: includes the non-default packages:
'spatstat.data', 'spatstat.univar', 'spatstat.geom',
'spatstat.random', 'spatstat.explore', 'spatstat.model',
'spatstat.linnet'
Adding so many packages to the search path is excessive and importing
selectively is preferable.
Flavors: r-oldrel-macos-x86_64, r-oldrel-windows-x86_64
Version: 3.4-1
Check: installed package size
Result: NOTE
installed size is 5.4Mb
sub-directories of 1Mb or more:
doc 4.7Mb
Flavors: r-oldrel-macos-x86_64, r-oldrel-windows-x86_64