CRAN Package Check Results for Package stRoke

Last updated on 2025-05-21 05:52:05 CEST.

Flavor Version Tinstall Tcheck Ttotal Status Flags
r-devel-linux-x86_64-debian-clang 24.10.1 7.04 83.30 90.34 NOTE
r-devel-linux-x86_64-debian-gcc 24.10.1 5.35 57.66 63.01 NOTE
r-devel-linux-x86_64-fedora-clang 24.10.1 142.63 NOTE
r-devel-linux-x86_64-fedora-gcc 24.10.1 149.88 NOTE
r-devel-windows-x86_64 24.10.1 11.00 106.00 117.00 NOTE
r-patched-linux-x86_64 24.10.1 7.18 76.40 83.58 NOTE
r-release-linux-x86_64 24.10.1 7.70 75.95 83.65 NOTE
r-release-macos-arm64 24.10.1 38.00 NOTE
r-release-macos-x86_64 24.10.1 79.00 NOTE
r-release-windows-x86_64 24.10.1 9.00 101.00 110.00 NOTE
r-oldrel-macos-arm64 24.10.1 41.00 OK
r-oldrel-macos-x86_64 24.10.1 52.00 OK
r-oldrel-windows-x86_64 24.10.1 12.00 119.00 131.00 OK

Check Details

Version: 24.10.1
Check: DESCRIPTION meta-information
Result: NOTE Missing dependency on R >= 4.1.0 because package code uses the pipe |> or function shorthand \(...) syntax added in R 4.1.0. File(s) using such syntax: ‘chunks_of_n.Rd’ ‘generic_stroke.R’ ‘index_plot.R’ ‘mfi_calc.R’ ‘mfi_domains.Rd’ ‘pase_calc.R’ Flavors: r-devel-linux-x86_64-debian-clang, r-devel-linux-x86_64-debian-gcc, r-devel-linux-x86_64-fedora-clang, r-devel-linux-x86_64-fedora-gcc, r-devel-windows-x86_64, r-patched-linux-x86_64, r-release-linux-x86_64, r-release-macos-arm64, r-release-windows-x86_64

Version: 24.10.1
Check: DESCRIPTION meta-information
Result: NOTE Missing dependency on R >= 4.1.0 because package code uses the pipe |> or function shorthand \(...) syntax added in R 4.1.0. File(s) using such syntax: ‘generic_stroke.R’ ‘index_plot.R’ ‘mfi_calc.R’ ‘pase_calc.R’ Flavor: r-release-macos-x86_64