CRAN Package Check Results for Package stddiff

Last updated on 2025-05-21 05:52:05 CEST.

Flavor Version Tinstall Tcheck Ttotal Status Flags
r-devel-linux-x86_64-debian-clang 3.1 1.65 16.91 18.56 NOTE
r-devel-linux-x86_64-debian-gcc 3.1 1.39 13.92 15.31 NOTE
r-devel-linux-x86_64-fedora-clang 3.1 29.13 OK
r-devel-linux-x86_64-fedora-gcc 3.1 28.29 OK
r-devel-windows-x86_64 3.1 4.00 39.00 43.00 OK
r-patched-linux-x86_64 3.1 1.79 16.35 18.14 OK
r-release-linux-x86_64 3.1 1.63 16.31 17.94 OK
r-release-macos-arm64 3.1 16.00 OK
r-release-macos-x86_64 3.1 26.00 OK
r-release-windows-x86_64 3.1 3.00 37.00 40.00 OK
r-oldrel-macos-arm64 3.1 18.00 OK
r-oldrel-macos-x86_64 3.1 21.00 OK
r-oldrel-windows-x86_64 3.1 2.00 34.00 36.00 OK

Check Details

Version: 3.1
Check: CRAN incoming feasibility
Result: NOTE Maintainer: ‘Zhicheng Du<dgdzc@hotmail.com>’ No Authors@R field in DESCRIPTION. Please add one, modifying Authors@R: c(person(given = "Zhicheng", family = "Du", role = c("aut", "cre"), email = "dgdzc@hotmail.com"), person(given = "Yuantao", family = "Hao", role = "aut")) as necessary. Flavors: r-devel-linux-x86_64-debian-clang, r-devel-linux-x86_64-debian-gcc