CRAN Package Check Results for Package survCurve

Last updated on 2025-05-21 05:52:05 CEST.

Flavor Version Tinstall Tcheck Ttotal Status Flags
r-devel-linux-x86_64-debian-clang 1.0 2.05 27.91 29.96 OK
r-devel-linux-x86_64-debian-gcc 1.0 1.43 22.30 23.73 OK
r-devel-linux-x86_64-fedora-clang 1.0 47.48 NOTE
r-devel-linux-x86_64-fedora-gcc 1.0 59.41 NOTE
r-devel-windows-x86_64 1.0 3.00 59.00 62.00 OK
r-patched-linux-x86_64 1.0 2.11 26.93 29.04 OK
r-release-linux-x86_64 1.0 1.86 26.78 28.64 OK
r-release-macos-arm64 1.0 31.00 OK
r-release-macos-x86_64 1.0 42.00 OK
r-release-windows-x86_64 1.0 3.00 57.00 60.00 OK
r-oldrel-macos-arm64 1.0 23.00 NOTE
r-oldrel-macos-x86_64 1.0 35.00 NOTE
r-oldrel-windows-x86_64 1.0 3.00 57.00 60.00 NOTE

Check Details

Version: 1.0
Check: dependencies in R code
Result: NOTE Namespace in Imports field not imported from: ‘survival’ All declared Imports should be used. Flavors: r-devel-linux-x86_64-fedora-clang, r-devel-linux-x86_64-fedora-gcc

Version: 1.0
Check: LazyData
Result: NOTE 'LazyData' is specified without a 'data' directory Flavors: r-oldrel-macos-arm64, r-oldrel-macos-x86_64, r-oldrel-windows-x86_64