Last updated on 2025-10-05 05:49:49 CEST.
Flavor | Version | Tinstall | Tcheck | Ttotal | Status | Flags |
---|---|---|---|---|---|---|
r-devel-linux-x86_64-debian-clang | 0.0.3 | 4.77 | 54.44 | 59.21 | NOTE | |
r-devel-linux-x86_64-debian-gcc | 0.0.4 | 3.89 | 38.58 | 42.47 | OK | |
r-devel-linux-x86_64-fedora-clang | 0.0.4 | 105.64 | OK | |||
r-devel-linux-x86_64-fedora-gcc | 0.0.4 | 75.11 | OK | |||
r-devel-windows-x86_64 | 0.0.3 | 7.00 | 61.00 | 68.00 | OK | |
r-patched-linux-x86_64 | 0.0.3 | 4.63 | 50.27 | 54.90 | NOTE | |
r-release-linux-x86_64 | 0.0.4 | 4.63 | 46.65 | 51.28 | OK | |
r-release-macos-arm64 | 0.0.3 | 26.00 | OK | |||
r-release-macos-x86_64 | 0.0.4 | 48.00 | OK | |||
r-release-windows-x86_64 | 0.0.3 | 7.00 | 61.00 | 68.00 | OK | |
r-oldrel-macos-arm64 | 0.0.3 | 28.00 | OK | |||
r-oldrel-macos-x86_64 | 0.0.4 | 54.00 | OK | |||
r-oldrel-windows-x86_64 | 0.0.4 | 8.00 | 68.00 | 76.00 | OK |
Version: 0.0.3
Check: Rd cross-references
Result: NOTE
Unknown package ‘hrbrthemes’ in Rd xrefs
Flavors: r-devel-linux-x86_64-debian-clang, r-patched-linux-x86_64