CRAN Package Check Results for Package umbridge

Last updated on 2025-05-21 05:52:07 CEST.

Flavor Version Tinstall Tcheck Ttotal Status Flags
r-devel-linux-x86_64-debian-clang 1.0 1.86 18.99 20.85 NOTE
r-devel-linux-x86_64-debian-gcc 1.0 1.46 15.64 17.10 NOTE
r-devel-linux-x86_64-fedora-clang 1.0 32.01 OK
r-devel-linux-x86_64-fedora-gcc 1.0 30.74 OK
r-devel-windows-x86_64 1.0 4.00 46.00 50.00 OK
r-patched-linux-x86_64 1.0 1.78 18.00 19.78 OK
r-release-linux-x86_64 1.0 1.80 18.00 19.80 OK
r-release-macos-arm64 1.0 31.00 OK
r-release-macos-x86_64 1.0 37.00 OK
r-release-windows-x86_64 1.0 5.00 43.00 48.00 OK
r-oldrel-macos-arm64 1.0 26.00 OK
r-oldrel-macos-x86_64 1.0 31.00 OK
r-oldrel-windows-x86_64 1.0 3.00 47.00 50.00 OK

Check Details

Version: 1.0
Check: CRAN incoming feasibility
Result: NOTE Maintainer: ‘Linus Seelinger <mail@linusseelinger.de>’ The BugReports field in DESCRIPTION has https://github.com/um-bridge which should likely be https://github.com/um-bridge/issues instead. Flavors: r-devel-linux-x86_64-debian-clang, r-devel-linux-x86_64-debian-gcc