Last updated on 2025-05-21 05:52:07 CEST.
Flavor | Version | Tinstall | Tcheck | Ttotal | Status | Flags |
---|---|---|---|---|---|---|
r-devel-linux-x86_64-debian-clang | 0.8.4 | 2.15 | 29.85 | 32.00 | NOTE | |
r-devel-linux-x86_64-debian-gcc | 0.8.4 | 1.99 | 21.97 | 23.96 | NOTE | |
r-devel-linux-x86_64-fedora-clang | 0.8.4 | 48.72 | NOTE | |||
r-devel-linux-x86_64-fedora-gcc | 0.8.4 | 52.01 | NOTE | |||
r-devel-windows-x86_64 | 0.8.4 | 3.00 | 62.00 | 65.00 | NOTE | |
r-patched-linux-x86_64 | 0.8.4 | 3.14 | 26.98 | 30.12 | NOTE | |
r-release-linux-x86_64 | 0.8.4 | 2.43 | 27.06 | 29.49 | NOTE | |
r-release-macos-arm64 | 0.8.4 | 20.00 | NOTE | |||
r-release-macos-x86_64 | 0.8.4 | 41.00 | NOTE | |||
r-release-windows-x86_64 | 0.8.4 | 5.00 | 64.00 | 69.00 | NOTE | |
r-oldrel-macos-arm64 | 0.8.4 | 19.00 | NOTE | |||
r-oldrel-macos-x86_64 | 0.8.4 | 32.00 | NOTE | |||
r-oldrel-windows-x86_64 | 0.8.4 | 3.00 | 60.00 | 63.00 | NOTE |
Version: 0.8.4
Check: Rd files
Result: NOTE
checkRd: (-1) getTurnType.Rd:38: Lost braces; missing escapes or markup?
38 | Return one of {Vocalisation, GrpVocalisation, ...} or identifier.
| ^
Flavors: r-devel-linux-x86_64-debian-clang, r-devel-linux-x86_64-debian-gcc, r-devel-linux-x86_64-fedora-clang, r-devel-linux-x86_64-fedora-gcc, r-devel-windows-x86_64, r-patched-linux-x86_64, r-release-linux-x86_64, r-release-macos-arm64, r-release-macos-x86_64, r-release-windows-x86_64, r-oldrel-macos-arm64, r-oldrel-macos-x86_64, r-oldrel-windows-x86_64