CRAN Package Check Results for Package xRing

Last updated on 2025-05-21 05:52:08 CEST.

Flavor Version Tinstall Tcheck Ttotal Status Flags
r-devel-linux-x86_64-debian-clang 0.1.1 17.15 125.08 142.23 NOTE
r-devel-linux-x86_64-debian-gcc 0.1.1 13.43 93.28 106.71 NOTE
r-devel-linux-x86_64-fedora-clang 0.1.1 229.66 NOTE
r-devel-linux-x86_64-fedora-gcc 0.1.1 223.03 NOTE
r-devel-windows-x86_64 0.1.1 16.00 148.00 164.00 NOTE
r-patched-linux-x86_64 0.1.1 16.16 120.11 136.27 NOTE
r-release-linux-x86_64 0.1.1 15.20 119.64 134.84 NOTE
r-release-macos-arm64 0.1.1 165.00 OK
r-release-macos-x86_64 0.1.1 201.00 OK
r-release-windows-x86_64 0.1.1 16.00 117.00 133.00 NOTE
r-oldrel-macos-arm64 0.1.1 84.00 OK
r-oldrel-macos-x86_64 0.1.1 92.00 OK
r-oldrel-windows-x86_64 0.1.1 18.00 135.00 153.00 OK

Check Details

Version: 0.1.1
Check: Rd cross-references
Result: NOTE Found the following Rd file(s) with Rd \link{} targets missing package anchors: imDisplay.Rd: cimg imRead.Rd: load.image, imager, cimg Please provide package anchors for all Rd \link{} targets not in the package itself and the base packages. Flavors: r-devel-linux-x86_64-debian-clang, r-devel-linux-x86_64-debian-gcc, r-devel-windows-x86_64, r-patched-linux-x86_64, r-release-linux-x86_64, r-release-windows-x86_64

Version: 0.1.1
Check: dependencies in R code
Result: NOTE Namespace in Imports field not imported from: ‘tcltk2’ All declared Imports should be used. Flavors: r-devel-linux-x86_64-fedora-clang, r-devel-linux-x86_64-fedora-gcc