Last updated on 2025-02-22 04:51:05 CET.
Flavor | Version | Tinstall | Tcheck | Ttotal | Status | Flags |
---|---|---|---|---|---|---|
r-devel-linux-x86_64-debian-clang | 1.0.1 | 4.61 | 54.21 | 58.82 | OK | |
r-devel-linux-x86_64-debian-gcc | 1.0.1 | 3.09 | 38.70 | 41.79 | OK | |
r-devel-linux-x86_64-fedora-clang | 1.0.1 | 101.87 | OK | |||
r-devel-linux-x86_64-fedora-gcc | 1.0.1 | 113.48 | OK | |||
r-devel-macos-arm64 | 1.0.1 | 38.00 | OK | |||
r-devel-macos-x86_64 | 1.0.1 | 72.00 | OK | |||
r-devel-windows-x86_64 | 1.0.1 | 6.00 | 75.00 | 81.00 | OK | |
r-patched-linux-x86_64 | 1.0.1 | 4.02 | 51.50 | 55.52 | NOTE | |
r-release-linux-x86_64 | 1.0.1 | 4.70 | 51.75 | 56.45 | NOTE | |
r-release-macos-arm64 | 1.0.1 | 36.00 | NOTE | |||
r-release-macos-x86_64 | 1.0.1 | 56.00 | NOTE | |||
r-release-windows-x86_64 | 1.0.1 | 7.00 | 71.00 | 78.00 | NOTE | |
r-oldrel-macos-arm64 | 1.0.1 | 35.00 | NOTE | |||
r-oldrel-macos-x86_64 | 1.0.1 | 58.00 | NOTE | |||
r-oldrel-windows-x86_64 | 1.0.1 | 9.00 | 78.00 | 87.00 | NOTE |
Version: 1.0.1
Check: LazyData
Result: NOTE
'LazyData' is specified without a 'data' directory
Flavors: r-patched-linux-x86_64, r-release-linux-x86_64, r-release-macos-arm64, r-release-macos-x86_64, r-release-windows-x86_64, r-oldrel-macos-arm64, r-oldrel-macos-x86_64, r-oldrel-windows-x86_64