Last updated on 2025-11-16 04:48:26 CET.
| Flavor | Version | Tinstall | Tcheck | Ttotal | Status | Flags |
|---|---|---|---|---|---|---|
| r-devel-linux-x86_64-debian-clang | 1.1.0 | 54.12 | 101.89 | 156.01 | OK | |
| r-devel-linux-x86_64-debian-gcc | 1.1.0 | 37.92 | 71.50 | 109.42 | OK | |
| r-devel-linux-x86_64-fedora-clang | 1.1.0 | 133.00 | 130.30 | 263.30 | OK | |
| r-devel-linux-x86_64-fedora-gcc | 1.1.0 | 116.00 | 130.56 | 246.56 | OK | |
| r-devel-windows-x86_64 | 1.1.0 | 143.00 | 133.00 | 276.00 | OK | |
| r-patched-linux-x86_64 | 1.1.0 | 47.76 | 97.60 | 145.36 | OK | |
| r-release-linux-x86_64 | 1.1.0 | 48.90 | 99.27 | 148.17 | OK | |
| r-release-macos-arm64 | 1.1.0 | 22.00 | 41.00 | 63.00 | OK | |
| r-release-macos-x86_64 | 1.1.0 | 29.00 | 80.00 | 109.00 | OK | |
| r-release-windows-x86_64 | 1.1.0 | 60.00 | 134.00 | 194.00 | OK | |
| r-oldrel-macos-arm64 | 1.1.0 | 19.00 | 48.00 | 67.00 | NOTE | |
| r-oldrel-macos-x86_64 | 1.1.0 | 30.00 | 79.00 | 109.00 | OK | |
| r-oldrel-windows-x86_64 | 1.1.0 | 73.00 | 173.00 | 246.00 | OK |
Version: 1.1.0
Check: installed package size
Result: NOTE
installed size is 5.4Mb
sub-directories of 1Mb or more:
libs 4.1Mb
Flavor: r-oldrel-macos-arm64