Last updated on 2024-08-25 05:49:15 CEST.
Flavor | Version | Tinstall | Tcheck | Ttotal | Status | Flags |
---|---|---|---|---|---|---|
r-devel-linux-x86_64-debian-clang | 2.0 | 2.86 | 28.26 | 31.12 | NOTE | |
r-devel-linux-x86_64-debian-gcc | 2.0 | 2.23 | 22.00 | 24.23 | NOTE | |
r-devel-linux-x86_64-fedora-clang | 2.0 | 51.37 | OK | |||
r-devel-linux-x86_64-fedora-gcc | 2.0 | 54.73 | OK | |||
r-devel-windows-x86_64 | 2.0 | 6.00 | 62.00 | 68.00 | OK | |
r-patched-linux-x86_64 | 2.0 | 3.24 | 26.96 | 30.20 | NOTE | |
r-release-linux-x86_64 | 2.0 | 2.93 | 26.98 | 29.91 | NOTE | |
r-release-macos-arm64 | 2.0 | 21.00 | NOTE | |||
r-release-macos-x86_64 | 2.0 | 35.00 | NOTE | |||
r-release-windows-x86_64 | 2.0 | 6.00 | 51.00 | 57.00 | OK | |
r-oldrel-macos-arm64 | 2.0 | 22.00 | NOTE | |||
r-oldrel-macos-x86_64 | 2.0 | 34.00 | NOTE | |||
r-oldrel-windows-x86_64 | 2.0 | 8.00 | 55.00 | 63.00 | NOTE |
Version: 2.0
Check: package dependencies
Result: NOTE
Package suggested but not available for checking: ‘INLA’
Flavors: r-devel-linux-x86_64-debian-clang, r-devel-linux-x86_64-debian-gcc, r-patched-linux-x86_64, r-release-linux-x86_64, r-release-macos-arm64, r-release-macos-x86_64, r-oldrel-macos-arm64, r-oldrel-macos-x86_64, r-oldrel-windows-x86_64