Last updated on 2025-02-21 04:51:40 CET.
Flavor | Version | Tinstall | Tcheck | Ttotal | Status | Flags |
---|---|---|---|---|---|---|
r-devel-linux-x86_64-debian-clang | 0.1.0 | 106.09 | 115.80 | 221.89 | OK | |
r-devel-linux-x86_64-debian-gcc | 0.1.0 | 68.75 | 80.10 | 148.85 | OK | |
r-devel-linux-x86_64-fedora-clang | 0.1.0 | 440.61 | OK | |||
r-devel-linux-x86_64-fedora-gcc | 0.1.0 | 409.84 | OK | |||
r-devel-macos-arm64 | 0.1.0 | 91.00 | ERROR | |||
r-devel-macos-x86_64 | 0.1.0 | 135.00 | OK | |||
r-devel-windows-x86_64 | 0.1.0 | 118.00 | 127.00 | 245.00 | OK | |
r-patched-linux-x86_64 | 0.1.0 | 93.59 | 100.53 | 194.12 | OK | |
r-release-linux-x86_64 | 0.1.0 | 96.16 | 101.65 | 197.81 | OK | |
r-release-macos-arm64 | 0.1.0 | 38.00 | ERROR | |||
r-release-macos-x86_64 | 0.1.0 | 147.00 | OK | |||
r-release-windows-x86_64 | 0.1.0 | 116.00 | 130.00 | 246.00 | OK | |
r-oldrel-macos-x86_64 | 0.1.0 | 134.00 | OK | |||
r-oldrel-windows-x86_64 | 0.1.0 | 145.00 | 182.00 | 327.00 | ERROR |
Version: 0.1.0
Check: re-building of vignette outputs
Result: ERROR
Error(s) in re-building vignettes:
--- re-building ‘ascariasis.Rmd’ using rmarkdown
File figure/asc_plot_mixt-1.png not found in resource path
Error: processing vignette 'ascariasis.Rmd' failed with diagnostics:
pandoc document conversion failed with error 99
--- failed re-building ‘ascariasis.Rmd’
--- re-building ‘simulation_study.Rmd’ using rmarkdown
File figure/sim_plot_true_data-1.png not found in resource path
Error: processing vignette 'simulation_study.Rmd' failed with diagnostics:
pandoc document conversion failed with error 99
--- failed re-building ‘simulation_study.Rmd’
SUMMARY: processing the following files failed:
‘ascariasis.Rmd’ ‘simulation_study.Rmd’
Error: Vignette re-building failed.
Execution halted
Flavors: r-devel-macos-arm64, r-oldrel-windows-x86_64
Version: 0.1.0
Check: whether package can be installed
Result: ERROR
Installation failed.
Flavor: r-release-macos-arm64