Last updated on 2024-08-25 05:49:15 CEST.
Flavor | Version | Tinstall | Tcheck | Ttotal | Status | Flags |
---|---|---|---|---|---|---|
r-devel-linux-x86_64-debian-clang | 2.3.4 | 336.43 | 57.12 | 393.55 | NOTE | |
r-devel-linux-x86_64-debian-gcc | 2.3.4 | 241.73 | 44.31 | 286.04 | NOTE | |
r-devel-linux-x86_64-fedora-clang | 2.3.4 | 803.37 | NOTE | |||
r-devel-linux-x86_64-fedora-gcc | 2.3.4 | 785.88 | NOTE | |||
r-devel-windows-x86_64 | 2.3.4 | 281.00 | 108.00 | 389.00 | NOTE | |
r-patched-linux-x86_64 | 2.3.4 | 293.96 | 61.16 | 355.12 | NOTE | |
r-release-linux-x86_64 | 2.3.4 | 308.22 | 60.74 | 368.96 | NOTE | |
r-release-macos-arm64 | 2.3.4 | 192.00 | NOTE | |||
r-release-macos-x86_64 | 2.3.4 | 161.00 | NOTE | |||
r-release-windows-x86_64 | 2.3.4 | 291.00 | 109.00 | 400.00 | NOTE | |
r-oldrel-macos-arm64 | 2.3.4 | 264.00 | NOTE | |||
r-oldrel-macos-x86_64 | 2.3.4 | 406.00 | NOTE | |||
r-oldrel-windows-x86_64 | 2.3.4 | 353.00 | 134.00 | 487.00 | NOTE |
Version: 2.3.4
Check: C++ specification
Result: NOTE
Specified C++11: please drop specification unless essential
Flavors: r-devel-linux-x86_64-debian-clang, r-devel-linux-x86_64-debian-gcc, r-devel-linux-x86_64-fedora-clang, r-devel-linux-x86_64-fedora-gcc, r-devel-windows-x86_64, r-patched-linux-x86_64, r-release-linux-x86_64, r-release-macos-arm64, r-release-macos-x86_64, r-release-windows-x86_64, r-oldrel-macos-arm64, r-oldrel-macos-x86_64, r-oldrel-windows-x86_64
Version: 2.3.4
Check: LazyData
Result: NOTE
'LazyData' is specified without a 'data' directory
Flavors: r-devel-linux-x86_64-debian-clang, r-devel-linux-x86_64-debian-gcc, r-devel-linux-x86_64-fedora-clang, r-devel-linux-x86_64-fedora-gcc, r-devel-windows-x86_64, r-patched-linux-x86_64, r-release-linux-x86_64, r-release-macos-arm64, r-release-macos-x86_64, r-release-windows-x86_64, r-oldrel-macos-arm64, r-oldrel-macos-x86_64, r-oldrel-windows-x86_64
Version: 2.3.4
Check: installed package size
Result: NOTE
installed size is 28.8Mb
sub-directories of 1Mb or more:
cereal 1.4Mb
libs 27.3Mb
Flavors: r-release-macos-arm64, r-release-macos-x86_64, r-oldrel-macos-arm64, r-oldrel-macos-x86_64