Last updated on 2025-11-16 04:48:26 CET.
| Flavor | Version | Tinstall | Tcheck | Ttotal | Status | Flags |
|---|---|---|---|---|---|---|
| r-devel-linux-x86_64-debian-clang | 0.2.3 | 8.88 | 172.75 | 181.63 | OK | |
| r-devel-linux-x86_64-debian-gcc | 0.2.3 | 6.07 | 120.24 | 126.31 | NOTE | |
| r-devel-linux-x86_64-fedora-clang | 0.2.3 | 20.00 | 286.02 | 306.02 | OK | |
| r-devel-linux-x86_64-fedora-gcc | 0.2.3 | 20.00 | 276.58 | 296.58 | OK | |
| r-devel-windows-x86_64 | 0.2.3 | 15.00 | 169.00 | 184.00 | OK | |
| r-patched-linux-x86_64 | 0.2.3 | 8.91 | 165.96 | 174.87 | OK | |
| r-release-linux-x86_64 | 0.2.3 | 8.65 | 162.76 | 171.41 | OK | |
| r-release-macos-arm64 | 0.2.3 | 4.00 | 178.00 | 182.00 | OK | |
| r-release-macos-x86_64 | 0.2.3 | 10.00 | 147.00 | 157.00 | OK | |
| r-release-windows-x86_64 | 0.2.3 | 13.00 | 169.00 | 182.00 | OK | |
| r-oldrel-macos-arm64 | 0.2.3 | 4.00 | 97.00 | 101.00 | OK | |
| r-oldrel-macos-x86_64 | 0.2.3 | 7.00 | 167.00 | 174.00 | OK | |
| r-oldrel-windows-x86_64 | 0.2.3 | 16.00 | 234.00 | 250.00 | OK |
Version: 0.2.3
Check: CRAN incoming feasibility
Result: NOTE
Maintainer: ‘Denis Cousineau <denis.cousineau@uottawa.ca>’
The BugReports field in DESCRIPTION has
https://github.com/dcousin3/ANOPA/issues/
which should likely be
https://github.com/dcousin3/ANOPA/issues/issues
instead.
Flavor: r-devel-linux-x86_64-debian-gcc