Last updated on 2025-02-21 04:51:40 CET.
Flavor | Version | Tinstall | Tcheck | Ttotal | Status | Flags |
---|---|---|---|---|---|---|
r-devel-linux-x86_64-debian-clang | 3.0.1 | 38.42 | 110.52 | 148.94 | NOTE | |
r-devel-linux-x86_64-debian-gcc | 3.0.1 | 26.04 | 73.52 | 99.56 | NOTE | |
r-devel-linux-x86_64-fedora-clang | 3.0.1 | 231.26 | OK | |||
r-devel-linux-x86_64-fedora-gcc | 3.0.1 | 239.72 | OK | |||
r-devel-macos-arm64 | 3.0.1 | 62.00 | OK | |||
r-devel-macos-x86_64 | 3.0.1 | 118.00 | OK | |||
r-devel-windows-x86_64 | 3.0.1 | 39.00 | 131.00 | 170.00 | NOTE | |
r-patched-linux-x86_64 | 3.0.1 | 40.17 | 98.04 | 138.21 | OK | |
r-release-linux-x86_64 | 3.0.1 | 36.96 | 96.66 | 133.62 | OK | |
r-release-macos-arm64 | 3.0.1 | 60.00 | OK | |||
r-release-macos-x86_64 | 3.0.1 | 97.00 | OK | |||
r-release-windows-x86_64 | 3.0.1 | 40.00 | 124.00 | 164.00 | OK | |
r-oldrel-macos-arm64 | 3.0.1 | 68.00 | OK | |||
r-oldrel-macos-x86_64 | 3.0.1 | 161.00 | OK | |||
r-oldrel-windows-x86_64 | 3.0.1 | 49.00 | 159.00 | 208.00 | OK |
Version: 3.0.1
Check: Rd cross-references
Result: NOTE
Found the following Rd file(s) with Rd \link{} targets missing package
anchors:
plot.InfDiag.Rd: ggplot
plot.Rd: ggplot
plot.residARpCRM.Rd: ggplot
Please provide package anchors for all Rd \link{} targets not in the
package itself and the base packages.
Flavors: r-devel-linux-x86_64-debian-clang, r-devel-linux-x86_64-debian-gcc, r-devel-windows-x86_64