CRAN Package Check Results for Package ATNr

Last updated on 2025-11-16 04:48:27 CET.

Flavor Version Tinstall Tcheck Ttotal Status Flags
r-devel-linux-x86_64-debian-clang 1.1.1 83.17 98.40 181.57 WARN
r-devel-linux-x86_64-debian-gcc 1.1.1 60.78 83.52 144.30 WARN
r-devel-linux-x86_64-fedora-clang 1.1.1 141.00 182.18 323.18 WARN
r-devel-linux-x86_64-fedora-gcc 1.1.2 95.00 339.77 434.77 NOTE
r-devel-windows-x86_64 1.1.1 103.00 187.00 290.00 WARN
r-patched-linux-x86_64 1.1.1 88.96 130.62 219.58 WARN
r-release-linux-x86_64 1.1.1 84.10 138.92 223.02 WARN
r-release-macos-arm64 1.1.1 37.00 49.00 86.00 OK
r-release-macos-x86_64 1.1.2 37.00 112.00 149.00 OK
r-release-windows-x86_64 1.1.1 90.00 187.00 277.00 WARN
r-oldrel-macos-arm64 1.1.1 32.00 73.00 105.00 NOTE
r-oldrel-macos-x86_64 1.1.2 42.00 157.00 199.00 NOTE
r-oldrel-windows-x86_64 1.1.1 114.00 206.00 320.00 WARN

Check Details

Version: 1.1.1
Check: whether package can be installed
Result: WARN Found the following significant warnings: Scaled.cpp:166:17: warning: 'pow<arma::Mat<double>, 1U, arma::Op<arma::Col<double>, arma::op_htrans>>' is deprecated: refactor your code to use pow() in conjunction with repmat() [-Wdeprecated-declarations] Unscaled.cpp:145:17: warning: 'pow<arma::Mat<double>, 1U, arma::Op<arma::Col<double>, arma::op_htrans>>' is deprecated: refactor your code to use pow() in conjunction with repmat() [-Wdeprecated-declarations] Unscaled_nuts.cpp:195:17: warning: 'pow<arma::Mat<double>, 1U, arma::Op<arma::Col<double>, arma::op_htrans>>' is deprecated: refactor your code to use pow() in conjunction with repmat() [-Wdeprecated-declarations] See ‘/home/hornik/tmp/R.check/r-devel-clang/Work/PKGS/ATNr.Rcheck/00install.out’ for details. * used C++ compiler: ‘Debian clang version 21.1.5 (1)’ Flavor: r-devel-linux-x86_64-debian-clang

Version: 1.1.1
Check: whether package can be installed
Result: WARN Found the following significant warnings: Scaled.cpp:166:20: warning: ‘arma::Mat<typename T1::elem_type> arma::pow(const subview_each1<parent, mode>&, const Base<typename parent::elem_type, T2>&) [with parent = Mat<double>; unsigned int mode = 1; T2 = Op<Col<double>, op_htrans>; typename T1::elem_type = double; typename parent::elem_type = double]’ is deprecated: refactor your code to use pow() in conjunction with repmat() [-Wdeprecated-declarations] Unscaled.cpp:145:20: warning: ‘arma::Mat<typename T1::elem_type> arma::pow(const subview_each1<parent, mode>&, const Base<typename parent::elem_type, T2>&) [with parent = Mat<double>; unsigned int mode = 1; T2 = Op<Col<double>, op_htrans>; typename T1::elem_type = double; typename parent::elem_type = double]’ is deprecated: refactor your code to use pow() in conjunction with repmat() [-Wdeprecated-declarations] Unscaled_nuts.cpp:195:20: warning: ‘arma::Mat<typename T1::elem_type> arma::pow(const subview_each1<parent, mode>&, const Base<typename parent::elem_type, T2>&) [with parent = Mat<double>; unsigned int mode = 1; T2 = Op<Col<double>, op_htrans>; typename T1::elem_type = double; typename parent::elem_type = double]’ is deprecated: refactor your code to use pow() in conjunction with repmat() [-Wdeprecated-declarations] See ‘/home/hornik/tmp/R.check/r-devel-gcc/Work/PKGS/ATNr.Rcheck/00install.out’ for details. * used C++ compiler: ‘g++-15 (Debian 15.2.0-7) 15.2.0’ Flavor: r-devel-linux-x86_64-debian-gcc

Version: 1.1.1
Check: whether package can be installed
Result: WARN Found the following significant warnings: Scaled.cpp:166:17: warning: 'pow<arma::Mat<double>, 1U, arma::Op<arma::Col<double>, arma::op_htrans>>' is deprecated: refactor your code to use pow() in conjunction with repmat() [-Wdeprecated-declarations] Unscaled.cpp:145:17: warning: 'pow<arma::Mat<double>, 1U, arma::Op<arma::Col<double>, arma::op_htrans>>' is deprecated: refactor your code to use pow() in conjunction with repmat() [-Wdeprecated-declarations] Unscaled_nuts.cpp:195:17: warning: 'pow<arma::Mat<double>, 1U, arma::Op<arma::Col<double>, arma::op_htrans>>' is deprecated: refactor your code to use pow() in conjunction with repmat() [-Wdeprecated-declarations] See ‘/data/gannet/ripley/R/packages/tests-clang/ATNr.Rcheck/00install.out’ for details. * used C++ compiler: ‘clang version 21.1.4’ Flavor: r-devel-linux-x86_64-fedora-clang

Version: 1.1.1
Check: dependencies in R code
Result: NOTE Namespace in Imports field not imported from: ‘R.rsp’ All declared Imports should be used. Flavor: r-devel-linux-x86_64-fedora-clang

Version: 1.1.2
Check: dependencies in R code
Result: NOTE Namespace in Imports field not imported from: ‘R.rsp’ All declared Imports should be used. Flavor: r-devel-linux-x86_64-fedora-gcc

Version: 1.1.1
Check: whether package can be installed
Result: WARN Found the following significant warnings: Scaled.cpp:166:20: warning: 'arma::Mat<typename T1::elem_type> arma::pow(const subview_each1<parent, mode>&, const Base<typename parent::elem_type, T2>&) [with parent = Mat<double>; unsigned int mode = 1; T2 = Op<Col<double>, op_htrans>; typename T1::elem_type = double; typename parent::elem_type = double]' is deprecated: refactor your code to use pow() in conjunction with repmat() [-Wdeprecated-declarations] Unscaled.cpp:145:20: warning: 'arma::Mat<typename T1::elem_type> arma::pow(const subview_each1<parent, mode>&, const Base<typename parent::elem_type, T2>&) [with parent = Mat<double>; unsigned int mode = 1; T2 = Op<Col<double>, op_htrans>; typename T1::elem_type = double; typename parent::elem_type = double]' is deprecated: refactor your code to use pow() in conjunction with repmat() [-Wdeprecated-declarations] Unscaled_nuts.cpp:195:20: warning: 'arma::Mat<typename T1::elem_type> arma::pow(const subview_each1<parent, mode>&, const Base<typename parent::elem_type, T2>&) [with parent = Mat<double>; unsigned int mode = 1; T2 = Op<Col<double>, op_htrans>; typename T1::elem_type = double; typename parent::elem_type = double]' is deprecated: refactor your code to use pow() in conjunction with repmat() [-Wdeprecated-declarations] See 'd:/Rcompile/CRANpkg/local/4.6/ATNr.Rcheck/00install.out' for details. * used C++ compiler: 'g++.exe (GCC) 14.3.0' Flavor: r-devel-windows-x86_64

Version: 1.1.1
Check: whether package can be installed
Result: WARN Found the following significant warnings: Scaled.cpp:166:20: warning: ‘arma::Mat<typename T1::elem_type> arma::pow(const subview_each1<parent, mode>&, const Base<typename parent::elem_type, T2>&) [with parent = Mat<double>; unsigned int mode = 1; T2 = Op<Col<double>, op_htrans>; typename T1::elem_type = double; typename parent::elem_type = double]’ is deprecated: refactor your code to use pow() in conjunction with repmat() [-Wdeprecated-declarations] Unscaled.cpp:145:20: warning: ‘arma::Mat<typename T1::elem_type> arma::pow(const subview_each1<parent, mode>&, const Base<typename parent::elem_type, T2>&) [with parent = Mat<double>; unsigned int mode = 1; T2 = Op<Col<double>, op_htrans>; typename T1::elem_type = double; typename parent::elem_type = double]’ is deprecated: refactor your code to use pow() in conjunction with repmat() [-Wdeprecated-declarations] Unscaled_nuts.cpp:195:20: warning: ‘arma::Mat<typename T1::elem_type> arma::pow(const subview_each1<parent, mode>&, const Base<typename parent::elem_type, T2>&) [with parent = Mat<double>; unsigned int mode = 1; T2 = Op<Col<double>, op_htrans>; typename T1::elem_type = double; typename parent::elem_type = double]’ is deprecated: refactor your code to use pow() in conjunction with repmat() [-Wdeprecated-declarations] See ‘/home/hornik/tmp/R.check/r-patched-gcc/Work/PKGS/ATNr.Rcheck/00install.out’ for details. * used C++ compiler: ‘g++-14 (Debian 14.3.0-10) 14.3.0’ Flavor: r-patched-linux-x86_64

Version: 1.1.1
Check: whether package can be installed
Result: WARN Found the following significant warnings: Scaled.cpp:166:20: warning: ‘arma::Mat<typename T1::elem_type> arma::pow(const subview_each1<parent, mode>&, const Base<typename parent::elem_type, T2>&) [with parent = Mat<double>; unsigned int mode = 1; T2 = Op<Col<double>, op_htrans>; typename T1::elem_type = double; typename parent::elem_type = double]’ is deprecated: refactor your code to use pow() in conjunction with repmat() [-Wdeprecated-declarations] Unscaled.cpp:145:20: warning: ‘arma::Mat<typename T1::elem_type> arma::pow(const subview_each1<parent, mode>&, const Base<typename parent::elem_type, T2>&) [with parent = Mat<double>; unsigned int mode = 1; T2 = Op<Col<double>, op_htrans>; typename T1::elem_type = double; typename parent::elem_type = double]’ is deprecated: refactor your code to use pow() in conjunction with repmat() [-Wdeprecated-declarations] Unscaled_nuts.cpp:195:20: warning: ‘arma::Mat<typename T1::elem_type> arma::pow(const subview_each1<parent, mode>&, const Base<typename parent::elem_type, T2>&) [with parent = Mat<double>; unsigned int mode = 1; T2 = Op<Col<double>, op_htrans>; typename T1::elem_type = double; typename parent::elem_type = double]’ is deprecated: refactor your code to use pow() in conjunction with repmat() [-Wdeprecated-declarations] See ‘/home/hornik/tmp/R.check/r-release-gcc/Work/PKGS/ATNr.Rcheck/00install.out’ for details. * used C++ compiler: ‘g++-14 (Debian 14.3.0-10) 14.3.0’ Flavor: r-release-linux-x86_64

Version: 1.1.1
Check: whether package can be installed
Result: WARN Found the following significant warnings: Scaled.cpp:166:20: warning: 'arma::Mat<typename T1::elem_type> arma::pow(const subview_each1<parent, mode>&, const Base<typename parent::elem_type, T2>&) [with parent = Mat<double>; unsigned int mode = 1; T2 = Op<Col<double>, op_htrans>; typename T1::elem_type = double; typename parent::elem_type = double]' is deprecated: refactor your code to use pow() in conjunction with repmat() [-Wdeprecated-declarations] Unscaled.cpp:145:20: warning: 'arma::Mat<typename T1::elem_type> arma::pow(const subview_each1<parent, mode>&, const Base<typename parent::elem_type, T2>&) [with parent = Mat<double>; unsigned int mode = 1; T2 = Op<Col<double>, op_htrans>; typename T1::elem_type = double; typename parent::elem_type = double]' is deprecated: refactor your code to use pow() in conjunction with repmat() [-Wdeprecated-declarations] Unscaled_nuts.cpp:195:20: warning: 'arma::Mat<typename T1::elem_type> arma::pow(const subview_each1<parent, mode>&, const Base<typename parent::elem_type, T2>&) [with parent = Mat<double>; unsigned int mode = 1; T2 = Op<Col<double>, op_htrans>; typename T1::elem_type = double; typename parent::elem_type = double]' is deprecated: refactor your code to use pow() in conjunction with repmat() [-Wdeprecated-declarations] See 'd:/Rcompile/CRANpkg/local/4.5/ATNr.Rcheck/00install.out' for details. * used C++ compiler: 'g++.exe (GCC) 14.3.0' Flavor: r-release-windows-x86_64

Version: 1.1.1
Check: installed package size
Result: NOTE installed size is 10.7Mb sub-directories of 1Mb or more: libs 9.9Mb Flavor: r-oldrel-macos-arm64

Version: 1.1.2
Check: installed package size
Result: NOTE installed size is 10.8Mb sub-directories of 1Mb or more: libs 10.1Mb Flavor: r-oldrel-macos-x86_64

Version: 1.1.1
Check: whether package can be installed
Result: WARN Found the following significant warnings: Scaled.cpp:166:20: warning: 'arma::Mat<typename T1::elem_type> arma::pow(const subview_each1<parent, mode>&, const Base<typename parent::elem_type, T2>&) [with parent = Mat<double>; unsigned int mode = 1; T2 = Op<Col<double>, op_htrans>; typename T1::elem_type = double; typename parent::elem_type = double]' is deprecated: refactor your code to use pow() in conjunction with repmat() [-Wdeprecated-declarations] Unscaled.cpp:145:20: warning: 'arma::Mat<typename T1::elem_type> arma::pow(const subview_each1<parent, mode>&, const Base<typename parent::elem_type, T2>&) [with parent = Mat<double>; unsigned int mode = 1; T2 = Op<Col<double>, op_htrans>; typename T1::elem_type = double; typename parent::elem_type = double]' is deprecated: refactor your code to use pow() in conjunction with repmat() [-Wdeprecated-declarations] Unscaled_nuts.cpp:195:20: warning: 'arma::Mat<typename T1::elem_type> arma::pow(const subview_each1<parent, mode>&, const Base<typename parent::elem_type, T2>&) [with parent = Mat<double>; unsigned int mode = 1; T2 = Op<Col<double>, op_htrans>; typename T1::elem_type = double; typename parent::elem_type = double]' is deprecated: refactor your code to use pow() in conjunction with repmat() [-Wdeprecated-declarations] See 'd:/Rcompile/CRANpkg/local/4.4/ATNr.Rcheck/00install.out' for details. * used C++ compiler: 'g++.exe (GCC) 13.3.0' Flavor: r-oldrel-windows-x86_64