Last updated on 2024-08-25 05:49:15 CEST.
Flavor | Version | Tinstall | Tcheck | Ttotal | Status | Flags |
---|---|---|---|---|---|---|
r-devel-linux-x86_64-debian-clang | 0.2.0 | 5.34 | 97.85 | 103.19 | NOTE | |
r-devel-linux-x86_64-debian-gcc | 0.2.0 | 3.72 | 63.79 | 67.51 | NOTE | |
r-devel-linux-x86_64-fedora-clang | 0.2.0 | 168.10 | NOTE | |||
r-devel-linux-x86_64-fedora-gcc | 0.2.0 | 180.24 | NOTE | |||
r-devel-windows-x86_64 | 0.2.0 | 7.00 | 113.00 | 120.00 | NOTE | |
r-patched-linux-x86_64 | 0.2.0 | 4.91 | 95.22 | 100.13 | NOTE | |
r-release-linux-x86_64 | 0.2.0 | 5.16 | 95.46 | 100.62 | NOTE | |
r-release-macos-arm64 | 0.2.0 | 53.00 | NOTE | |||
r-release-macos-x86_64 | 0.2.0 | 86.00 | NOTE | |||
r-release-windows-x86_64 | 0.2.0 | 7.00 | 115.00 | 122.00 | NOTE | |
r-oldrel-macos-arm64 | 0.2.0 | 52.00 | NOTE | |||
r-oldrel-macos-x86_64 | 0.2.0 | 100.00 | NOTE | |||
r-oldrel-windows-x86_64 | 0.2.0 | 6.00 | 134.00 | 140.00 | NOTE |
Version: 0.2.0
Check: LazyData
Result: NOTE
'LazyData' is specified without a 'data' directory
Flavors: r-devel-linux-x86_64-debian-clang, r-devel-linux-x86_64-debian-gcc, r-devel-linux-x86_64-fedora-clang, r-devel-linux-x86_64-fedora-gcc, r-devel-windows-x86_64, r-patched-linux-x86_64, r-release-linux-x86_64, r-release-macos-arm64, r-release-macos-x86_64, r-release-windows-x86_64, r-oldrel-macos-arm64, r-oldrel-macos-x86_64, r-oldrel-windows-x86_64