Last updated on 2024-07-22 05:49:46 CEST.
Flavor | Version | Tinstall | Tcheck | Ttotal | Status | Flags |
---|---|---|---|---|---|---|
r-devel-linux-x86_64-debian-clang | 2.1.11 | 13.37 | 174.98 | 188.35 | OK | |
r-devel-linux-x86_64-debian-gcc | 2.1.11 | 10.76 | 118.78 | 129.54 | NOTE | |
r-devel-linux-x86_64-fedora-clang | 2.1.11 | 222.75 | OK | |||
r-devel-linux-x86_64-fedora-gcc | 2.1.11 | 208.43 | OK | |||
r-devel-windows-x86_64 | 2.1.11 | 15.00 | 146.00 | 161.00 | NOTE | |
r-patched-linux-x86_64 | 2.1.11 | 16.69 | 167.83 | 184.52 | OK | |
r-release-linux-x86_64 | 2.1.11 | 11.91 | 169.58 | 181.49 | OK | |
r-release-macos-arm64 | 2.1.11 | 57.00 | OK | |||
r-release-macos-x86_64 | 2.1.11 | 90.00 | OK | |||
r-release-windows-x86_64 | 2.1.11 | 15.00 | 143.00 | 158.00 | OK | |
r-oldrel-macos-arm64 | 2.1.11 | 64.00 | OK | |||
r-oldrel-macos-x86_64 | 2.1.11 | 160.00 | OK | |||
r-oldrel-windows-x86_64 | 2.1.11 | 18.00 | 168.00 | 186.00 | OK |
Version: 2.1.11
Check: Rd cross-references
Result: NOTE
Found the following Rd file(s) with Rd \link{} targets missing package
anchors:
cohorts.Rd: rich.colors
Please provide package anchors for all Rd \link{} targets not in the
package itself and the base packages.
Flavors: r-devel-linux-x86_64-debian-gcc, r-devel-windows-x86_64