Last updated on 2025-11-16 04:48:27 CET.
| Flavor | Version | Tinstall | Tcheck | Ttotal | Status | Flags |
|---|---|---|---|---|---|---|
| r-devel-linux-x86_64-debian-clang | 2.4.82 | 20.83 | 243.34 | 264.17 | OK | |
| r-devel-linux-x86_64-debian-gcc | 2.4.82 | 12.54 | 170.51 | 183.05 | NOTE | |
| r-devel-linux-x86_64-fedora-clang | 2.4.82 | 78.00 | 335.58 | 413.58 | OK | |
| r-devel-linux-x86_64-fedora-gcc | 2.4.82 | 81.00 | 356.98 | 437.98 | OK | |
| r-devel-windows-x86_64 | 2.4.82 | 21.00 | 318.00 | 339.00 | OK | |
| r-patched-linux-x86_64 | 2.4.82 | 20.62 | 232.04 | 252.66 | OK | |
| r-release-linux-x86_64 | 2.4.82 | 18.09 | 233.57 | 251.66 | OK | |
| r-release-macos-arm64 | 2.4.82 | 8.00 | 111.00 | 119.00 | OK | |
| r-release-macos-x86_64 | 2.4.82 | 21.00 | 288.00 | 309.00 | OK | |
| r-release-windows-x86_64 | 2.4.82 | 19.00 | 286.00 | 305.00 | OK | |
| r-oldrel-macos-arm64 | 2.4.82 | 7.00 | 114.00 | 121.00 | OK | |
| r-oldrel-macos-x86_64 | 2.4.82 | 20.00 | 298.00 | 318.00 | OK | |
| r-oldrel-windows-x86_64 | 2.4.82 | 31.00 | 346.00 | 377.00 | OK |
Version: 2.4.82
Check: CRAN incoming feasibility
Result: NOTE
Maintainer: ‘Gianluca Baio <g.baio@ucl.ac.uk>’
The BugReports field in DESCRIPTION has
https://github.com/giabaio/BCEA/issues/
which should likely be
https://github.com/giabaio/BCEA/issues/issues
instead.
Flavor: r-devel-linux-x86_64-debian-gcc