Last updated on 2025-11-16 04:48:27 CET.
| Flavor | Version | Tinstall | Tcheck | Ttotal | Status | Flags |
|---|---|---|---|---|---|---|
| r-devel-linux-x86_64-debian-clang | 2.2.4-1 | 31.42 | 356.01 | 387.43 | OK | |
| r-devel-linux-x86_64-debian-gcc | 2.2.4-1 | 18.30 | 228.04 | 246.34 | NOTE | |
| r-devel-linux-x86_64-fedora-clang | 2.2.4-1 | 276.00 | 390.23 | 666.23 | OK | |
| r-devel-linux-x86_64-fedora-gcc | 2.2.4-1 | 94.00 | 511.99 | 605.99 | OK | |
| r-devel-windows-x86_64 | 2.2.4-1 | 34.00 | 243.00 | 277.00 | OK | --no-vignettes |
| r-patched-linux-x86_64 | 2.2.4-1 | 29.72 | 334.54 | 364.26 | OK | |
| r-release-linux-x86_64 | 2.2.4-1 | 30.53 | 330.18 | 360.71 | OK | |
| r-release-macos-arm64 | 2.2.4-1 | 15.00 | 227.00 | 242.00 | OK | |
| r-release-macos-x86_64 | 2.2.4-1 | 54.00 | 415.00 | 469.00 | OK | |
| r-release-windows-x86_64 | 2.2.4-1 | 29.00 | 262.00 | 291.00 | OK | --no-vignettes |
| r-oldrel-macos-arm64 | 2.2.4-1 | 12.00 | 136.00 | 148.00 | OK | |
| r-oldrel-macos-x86_64 | 2.2.4-1 | 44.00 | 382.00 | 426.00 | OK | |
| r-oldrel-windows-x86_64 | 2.2.4-1 | 43.00 | 308.00 | 351.00 | OK | --no-vignettes |
Version: 2.2.4-1
Check: CRAN incoming feasibility
Result: NOTE
Maintainer: ‘Dominique Lamonica <dominique.lamonica@ird.fr>’
The BugReports field in DESCRIPTION has
https://github.com/umr-amap/BIOMASS/issues/
which should likely be
https://github.com/umr-amap/BIOMASS/issues/issues
instead.
Flavor: r-devel-linux-x86_64-debian-gcc