Last updated on 2025-02-21 04:51:41 CET.
Flavor | Version | Tinstall | Tcheck | Ttotal | Status | Flags |
---|---|---|---|---|---|---|
r-devel-linux-x86_64-debian-clang | 2023.3.8 | 11.36 | 146.66 | 158.02 | NOTE | |
r-devel-linux-x86_64-debian-gcc | 2023.3.8 | 7.50 | 93.78 | 101.28 | NOTE | |
r-devel-linux-x86_64-fedora-clang | 2023.3.8 | 269.42 | NOTE | |||
r-devel-linux-x86_64-fedora-gcc | 2023.3.8 | 242.25 | NOTE | |||
r-devel-macos-arm64 | 2023.3.8 | 72.00 | NOTE | |||
r-devel-macos-x86_64 | 2023.3.8 | 162.00 | NOTE | |||
r-devel-windows-x86_64 | 2023.3.8 | 14.00 | 215.00 | 229.00 | NOTE | |
r-patched-linux-x86_64 | 2023.3.8 | 11.65 | 133.64 | 145.29 | NOTE | |
r-release-linux-x86_64 | 2023.3.8 | 11.19 | 131.92 | 143.11 | NOTE | |
r-release-macos-arm64 | 2023.3.8 | 72.00 | NOTE | |||
r-release-macos-x86_64 | 2023.3.8 | 160.00 | NOTE | |||
r-release-windows-x86_64 | 2023.3.8 | 13.00 | 204.00 | 217.00 | NOTE | |
r-oldrel-macos-arm64 | 2023.3.8 | 68.00 | OK | |||
r-oldrel-macos-x86_64 | 2023.3.8 | 123.00 | OK | |||
r-oldrel-windows-x86_64 | 2023.3.8 | 16.00 | 265.00 | 281.00 | OK |
Version: 2023.3.8
Check: Rd files
Result: NOTE
checkRd: (-1) MvInv.Rd:23-35: Lost braces
23 | function(eps, u = 0.5, alpha = 1, kappa = 1, gama = 1 / 2, N = 3001) {
| ^
checkRd: (-1) dt_.Rd:19-21: Lost braces
19 | function(x, df, mean, sd) {
| ^
Flavors: r-devel-linux-x86_64-debian-clang, r-devel-linux-x86_64-debian-gcc, r-devel-linux-x86_64-fedora-clang, r-devel-linux-x86_64-fedora-gcc, r-devel-macos-arm64, r-devel-macos-x86_64, r-devel-windows-x86_64, r-patched-linux-x86_64, r-release-linux-x86_64, r-release-macos-arm64, r-release-macos-x86_64, r-release-windows-x86_64