Last updated on 2025-02-21 04:51:41 CET.
Flavor | Version | Tinstall | Tcheck | Ttotal | Status | Flags |
---|---|---|---|---|---|---|
r-devel-linux-x86_64-debian-clang | 1.0.2 | 160.60 | 95.04 | 255.64 | NOTE | |
r-devel-linux-x86_64-debian-gcc | 1.0.2 | 110.62 | 66.37 | 176.99 | NOTE | |
r-devel-linux-x86_64-fedora-clang | 1.0.2 | 511.56 | NOTE | |||
r-devel-linux-x86_64-fedora-gcc | 1.0.2 | 496.32 | NOTE | |||
r-devel-macos-arm64 | 1.0.2 | 137.00 | NOTE | |||
r-devel-macos-x86_64 | 1.0.2 | 187.00 | NOTE | |||
r-devel-windows-x86_64 | 1.0.2 | 171.00 | 160.00 | 331.00 | NOTE | |
r-patched-linux-x86_64 | 1.0.2 | 167.92 | 88.25 | 256.17 | NOTE | |
r-release-linux-x86_64 | 1.0.2 | 165.18 | 88.21 | 253.39 | NOTE | |
r-release-macos-arm64 | 1.0.2 | 119.00 | NOTE | |||
r-release-macos-x86_64 | 1.0.2 | 152.00 | NOTE | |||
r-release-windows-x86_64 | 1.0.2 | 172.00 | 157.00 | 329.00 | NOTE | |
r-oldrel-macos-arm64 | 1.0.2 | 159.00 | NOTE | |||
r-oldrel-macos-x86_64 | 1.0.2 | 157.00 | NOTE | |||
r-oldrel-windows-x86_64 | 1.0.2 | 211.00 | 213.00 | 424.00 | NOTE |
Version: 1.0.2
Check: C++ specification
Result: NOTE
Specified C++11: please drop specification unless essential
Flavors: r-devel-linux-x86_64-debian-clang, r-devel-linux-x86_64-debian-gcc, r-devel-linux-x86_64-fedora-clang, r-devel-linux-x86_64-fedora-gcc, r-devel-macos-arm64, r-devel-macos-x86_64, r-devel-windows-x86_64, r-patched-linux-x86_64, r-release-linux-x86_64, r-release-macos-arm64, r-release-macos-x86_64, r-release-windows-x86_64, r-oldrel-macos-arm64, r-oldrel-macos-x86_64, r-oldrel-windows-x86_64
Version: 1.0.2
Check: installed package size
Result: NOTE
installed size is 15.4Mb
sub-directories of 1Mb or more:
libs 14.1Mb
Flavors: r-release-macos-arm64, r-release-macos-x86_64, r-oldrel-macos-arm64, r-oldrel-macos-x86_64