Last updated on 2024-08-25 05:49:16 CEST.
Flavor | Version | Tinstall | Tcheck | Ttotal | Status | Flags |
---|---|---|---|---|---|---|
r-devel-linux-x86_64-debian-clang | 0.0.7 | 222.95 | 111.54 | 334.49 | OK | |
r-devel-linux-x86_64-debian-gcc | 0.0.7 | 202.32 | 96.98 | 299.30 | OK | |
r-devel-linux-x86_64-fedora-clang | 0.0.7 | 562.65 | NOTE | |||
r-devel-linux-x86_64-fedora-gcc | 0.0.7 | 714.73 | NOTE | |||
r-devel-windows-x86_64 | 0.0.7 | 227.00 | 149.00 | 376.00 | OK | |
r-patched-linux-x86_64 | 0.0.7 | 260.52 | 128.41 | 388.93 | OK | |
r-release-linux-x86_64 | 0.0.7 | 261.69 | 128.07 | 389.76 | OK | |
r-release-macos-arm64 | 0.0.7 | 144.00 | NOTE | |||
r-release-macos-x86_64 | 0.0.7 | 166.00 | NOTE | |||
r-release-windows-x86_64 | 0.0.7 | 234.00 | 150.00 | 384.00 | OK | |
r-oldrel-macos-arm64 | 0.0.7 | 150.00 | NOTE | |||
r-oldrel-macos-x86_64 | 0.0.7 | 246.00 | NOTE | |||
r-oldrel-windows-x86_64 | 0.0.7 | 290.00 | 184.00 | 474.00 | OK |
Version: 0.0.7
Check: for GNU extensions in Makefiles
Result: NOTE
GNU make is a SystemRequirements.
Flavors: r-devel-linux-x86_64-fedora-clang, r-devel-linux-x86_64-fedora-gcc, r-release-macos-arm64, r-release-macos-x86_64, r-oldrel-macos-arm64, r-oldrel-macos-x86_64
Version: 0.0.7
Check: installed package size
Result: NOTE
installed size is 52.5Mb
sub-directories of 1Mb or more:
libs 52.2Mb
Flavors: r-release-macos-arm64, r-release-macos-x86_64, r-oldrel-macos-arm64, r-oldrel-macos-x86_64