Last updated on 2025-11-16 04:48:28 CET.
| Flavor | Version | Tinstall | Tcheck | Ttotal | Status | Flags |
|---|---|---|---|---|---|---|
| r-devel-linux-x86_64-debian-clang | 1.0.6 | 34.13 | 148.09 | 182.22 | OK | |
| r-devel-linux-x86_64-debian-gcc | 1.0.6 | 23.47 | 103.89 | 127.36 | OK | |
| r-devel-linux-x86_64-fedora-clang | 1.0.6 | 73.00 | 231.42 | 304.42 | OK | |
| r-devel-linux-x86_64-fedora-gcc | 1.0.6 | 107.00 | 189.44 | 296.44 | OK | |
| r-devel-windows-x86_64 | 1.0.6 | 48.00 | 150.00 | 198.00 | OK | |
| r-patched-linux-x86_64 | 1.0.6 | 36.14 | 139.28 | 175.42 | OK | |
| r-release-linux-x86_64 | 1.0.6 | 37.08 | 139.01 | 176.09 | OK | |
| r-release-macos-arm64 | 1.0.6 | 15.00 | 68.00 | 83.00 | OK | |
| r-release-macos-x86_64 | 1.0.6 | 32.00 | 133.00 | 165.00 | OK | |
| r-release-windows-x86_64 | 1.0.6 | 44.00 | 148.00 | 192.00 | OK | |
| r-oldrel-macos-arm64 | 1.0.6 | 16.00 | 74.00 | 90.00 | NOTE | |
| r-oldrel-macos-x86_64 | 1.0.6 | 30.00 | 129.00 | 159.00 | NOTE | |
| r-oldrel-windows-x86_64 | 1.0.6 | 53.00 | 194.00 | 247.00 | NOTE |
Version: 1.0.6
Check: for GNU extensions in Makefiles
Result: NOTE
GNU make is a SystemRequirements.
Flavors: r-oldrel-macos-arm64, r-oldrel-macos-x86_64, r-oldrel-windows-x86_64