Last updated on 2025-10-25 05:49:57 CEST.
| Flavor | Version | Tinstall | Tcheck | Ttotal | Status | Flags |
|---|---|---|---|---|---|---|
| r-devel-linux-x86_64-debian-clang | 0.4 | 3.12 | 375.89 | 379.01 | NOTE | |
| r-devel-linux-x86_64-debian-gcc | 0.4 | 2.18 | 269.74 | 271.92 | NOTE | |
| r-devel-linux-x86_64-fedora-clang | 0.4 | 16.00 | 616.26 | 632.26 | OK | |
| r-devel-linux-x86_64-fedora-gcc | 0.4 | 681.49 | OK | |||
| r-devel-windows-x86_64 | 0.4 | 4.00 | 518.00 | 522.00 | NOTE | |
| r-patched-linux-x86_64 | 0.4 | 3.30 | 372.85 | 376.15 | NOTE | |
| r-release-linux-x86_64 | 0.4 | 2.91 | 371.50 | 374.41 | NOTE | |
| r-release-macos-arm64 | 0.4 | 2.00 | 210.00 | 212.00 | OK | |
| r-release-macos-x86_64 | 0.4 | 5.00 | 576.00 | 581.00 | OK | |
| r-release-windows-x86_64 | 0.4 | 5.00 | 510.00 | 515.00 | NOTE | |
| r-oldrel-macos-arm64 | 0.4 | 1.00 | 192.00 | 193.00 | OK | |
| r-oldrel-macos-x86_64 | 0.4 | 2.00 | 385.00 | 387.00 | OK | |
| r-oldrel-windows-x86_64 | 0.4 | 7.00 | 624.00 | 631.00 | OK |
Version: 0.4
Check: Rd cross-references
Result: NOTE
Found the following Rd file(s) with Rd \link{} targets missing package
anchors:
BT.Rd: rpart, rpart.control
BT_Call.Rd: rpart.control
Please provide package anchors for all Rd \link{} targets not in the
package itself and the base packages.
Flavors: r-devel-linux-x86_64-debian-clang, r-devel-linux-x86_64-debian-gcc, r-devel-windows-x86_64, r-patched-linux-x86_64, r-release-linux-x86_64, r-release-windows-x86_64