Last updated on 2025-02-21 04:51:40 CET.
Flavor | Version | Tinstall | Tcheck | Ttotal | Status | Flags |
---|---|---|---|---|---|---|
r-devel-linux-x86_64-debian-clang | 1.0-3 | 5.14 | 52.14 | 57.28 | NOTE | |
r-devel-linux-x86_64-debian-gcc | 1.0-3 | 4.31 | 36.78 | 41.09 | NOTE | |
r-devel-linux-x86_64-fedora-clang | 1.0-3 | 97.22 | NOTE | |||
r-devel-linux-x86_64-fedora-gcc | 1.0-3 | 90.82 | NOTE | |||
r-devel-macos-arm64 | 1.0-3 | 30.00 | NOTE | |||
r-devel-macos-x86_64 | 1.0-3 | 54.00 | NOTE | |||
r-devel-windows-x86_64 | 1.0-3 | 7.00 | 71.00 | 78.00 | NOTE | |
r-patched-linux-x86_64 | 1.0-3 | 4.63 | 49.17 | 53.80 | NOTE | |
r-release-linux-x86_64 | 1.0-3 | 6.02 | 48.80 | 54.82 | NOTE | |
r-release-macos-arm64 | 1.0-3 | 30.00 | NOTE | |||
r-release-macos-x86_64 | 1.0-3 | 42.00 | NOTE | |||
r-release-windows-x86_64 | 1.0-3 | 7.00 | 71.00 | 78.00 | NOTE | |
r-oldrel-macos-arm64 | 1.0-3 | 32.00 | OK | |||
r-oldrel-macos-x86_64 | 1.0-3 | 49.00 | OK | |||
r-oldrel-windows-x86_64 | 1.0-3 | 9.00 | 75.00 | 84.00 | OK |
Version: 1.0-3
Check: Rd files
Result: NOTE
checkRd: (-1) barcoding.spe.identify2.Rd:27: Lost braces; missing escapes or markup?
27 | read.dna() from package {ape} was used to obtain DNAbin object for unaligned non-coding barcodes.
| ^
Flavors: r-devel-linux-x86_64-debian-clang, r-devel-linux-x86_64-debian-gcc, r-devel-linux-x86_64-fedora-clang, r-devel-linux-x86_64-fedora-gcc, r-devel-macos-arm64, r-devel-macos-x86_64, r-devel-windows-x86_64, r-patched-linux-x86_64, r-release-linux-x86_64, r-release-macos-arm64, r-release-macos-x86_64, r-release-windows-x86_64