CRAN Package Check Results for Package BayesDLMfMRI

Last updated on 2025-11-16 04:48:27 CET.

Flavor Version Tinstall Tcheck Ttotal Status Flags
r-devel-linux-x86_64-debian-clang 0.0.3 128.48 51.59 180.07 NOTE
r-devel-linux-x86_64-debian-gcc 0.0.3 72.98 40.60 113.58 NOTE
r-devel-linux-x86_64-fedora-clang 0.0.3 279.00 63.42 342.42 NOTE
r-devel-linux-x86_64-fedora-gcc 0.0.3 73.00 245.80 318.80 NOTE
r-devel-windows-x86_64 0.0.3 133.00 89.00 222.00 NOTE
r-patched-linux-x86_64 0.0.3 121.01 49.67 170.68 NOTE
r-release-linux-x86_64 0.0.3 122.52 50.04 172.56 NOTE
r-release-macos-arm64 0.0.3 46.00 43.00 89.00 NOTE
r-release-macos-x86_64 0.0.3 44.00 78.00 122.00 NOTE
r-release-windows-x86_64 0.0.3 127.00 89.00 216.00 NOTE
r-oldrel-macos-arm64 0.0.3 46.00 34.00 80.00 NOTE
r-oldrel-macos-x86_64 0.0.3 42.00 60.00 102.00 NOTE
r-oldrel-windows-x86_64 0.0.3 157.00 112.00 269.00 NOTE

Check Details

Version: 0.0.3
Check: CRAN incoming feasibility
Result: NOTE Maintainer: ‘Carlos Pérez <caaperezag@unal.edu.co>’ The Description field contains Cardona-Jiménez (2021) <arXiv:2111.01318>. Please refer to arXiv e-prints via their arXiv DOI <doi:10.48550/arXiv.YYMM.NNNNN>. Flavors: r-devel-linux-x86_64-debian-clang, r-devel-linux-x86_64-debian-gcc

Version: 0.0.3
Check: Rd files
Result: NOTE checkRd: (-1) GroupSingleVoxelFETS.Rd:53: Lost braces 53 | online trajectories related to the state parameter, the simulated BOLD responses, \mjseqn{\hat{Y}}{ascii}. | ^ Flavors: r-devel-linux-x86_64-debian-clang, r-devel-linux-x86_64-debian-gcc, r-devel-linux-x86_64-fedora-clang, r-devel-linux-x86_64-fedora-gcc, r-devel-windows-x86_64, r-patched-linux-x86_64, r-release-linux-x86_64, r-release-macos-arm64, r-release-macos-x86_64, r-release-windows-x86_64, r-oldrel-macos-arm64, r-oldrel-macos-x86_64, r-oldrel-windows-x86_64

Version: 0.0.3
Check: HTML version of manual
Result: NOTE Found the following HTML validation problems: BayesDLMfMRI.html:1161:1 (GroupSingleVoxelFFBS.Rd:54): Warning: <script> anchor "MathJax-script" already defined BayesDLMfMRI.html:1287:1 (GroupSingleVoxelFSTS.Rd:54): Warning: <script> anchor "MathJax-script" already defined BayesDLMfMRI.html:1413:1 (SingleVoxelFETS.Rd:62): Warning: <script> anchor "MathJax-script" already defined BayesDLMfMRI.html:1554:1 (SingleVoxelFFBS.Rd:59): Warning: <script> anchor "MathJax-script" already defined BayesDLMfMRI.html:1690:1 (SingleVoxelFSTS.Rd:59): Warning: <script> anchor "MathJax-script" already defined BayesDLMfMRI.html:1853:1 (ffdEvidenceFETS.Rd:62): Warning: <script> anchor "MathJax-script" already defined BayesDLMfMRI.html:1994:1 (ffdEvidenceFFBS.Rd:58): Warning: <script> anchor "MathJax-script" already defined BayesDLMfMRI.html:2128:1 (ffdEvidenceFSTS.Rd:58): Warning: <script> anchor "MathJax-script" already defined BayesDLMfMRI.html:2262:1 (ffdGroupEvidenceFETS.Rd:60): Warning: <script> anchor "MathJax-script" already defined BayesDLMfMRI.html:2401:1 (ffdGroupEvidenceFFBS.Rd:56): Warning: <script> anchor "MathJax-script" already defined BayesDLMfMRI.html:2534:1 (ffdGroupEvidenceFSTS.Rd:56): Warning: <script> anchor "MathJax-script" already defined Flavors: r-devel-linux-x86_64-debian-gcc, r-devel-linux-x86_64-fedora-gcc

Version: 0.0.3
Check: installed package size
Result: NOTE installed size is 7.8Mb sub-directories of 1Mb or more: data 1.2Mb libs 6.2Mb Flavors: r-oldrel-macos-arm64, r-oldrel-macos-x86_64