Last updated on 2025-10-25 05:49:56 CEST.
| Flavor | Version | Tinstall | Tcheck | Ttotal | Status | Flags |
|---|---|---|---|---|---|---|
| r-devel-linux-x86_64-debian-clang | 1.0.0 | 299.27 | 226.56 | 525.83 | OK | |
| r-devel-linux-x86_64-debian-gcc | 1.0.0 | 281.09 | 183.52 | 464.61 | OK | |
| r-devel-linux-x86_64-fedora-clang | 1.0.0 | 584.00 | 230.84 | 814.84 | OK | |
| r-devel-linux-x86_64-fedora-gcc | 1.0.0 | 1260.00 | -210.34 | 1049.66 | OK | |
| r-devel-windows-x86_64 | 1.0.0 | 357.00 | 241.00 | 598.00 | OK | |
| r-patched-linux-x86_64 | 1.0.0 | 371.26 | 248.67 | 619.93 | OK | |
| r-release-linux-x86_64 | 1.0.0 | 342.47 | 243.87 | 586.34 | OK | |
| r-release-macos-arm64 | 1.0.0 | 134.00 | 96.00 | 230.00 | OK | |
| r-release-macos-x86_64 | 1.0.0 | 141.00 | 201.00 | 342.00 | OK | |
| r-release-windows-x86_64 | 1.0.0 | 346.00 | 241.00 | 587.00 | OK | |
| r-oldrel-macos-arm64 | 1.0.0 | 65.00 | 50.00 | 115.00 | NOTE | |
| r-oldrel-macos-x86_64 | 1.0.0 | 62.00 | 87.00 | 149.00 | NOTE | |
| r-oldrel-windows-x86_64 | 1.0.0 | 399.00 | 317.00 | 716.00 | NOTE |
Version: 1.0.0
Check: installed package size
Result: NOTE
installed size is 54.2Mb
sub-directories of 1Mb or more:
libs 52.7Mb
Flavors: r-oldrel-macos-arm64, r-oldrel-macos-x86_64
Version: 1.0.0
Check: for GNU extensions in Makefiles
Result: NOTE
GNU make is a SystemRequirements.
Flavors: r-oldrel-macos-arm64, r-oldrel-macos-x86_64, r-oldrel-windows-x86_64