Last updated on 2025-10-26 04:48:27 CET.
| Flavor | Version | Tinstall | Tcheck | Ttotal | Status | Flags |
|---|---|---|---|---|---|---|
| r-devel-linux-x86_64-debian-clang | 1.1.3 | 86.31 | 196.39 | 282.70 | OK | |
| r-devel-linux-x86_64-debian-gcc | 1.1.3 | 66.71 | 134.07 | 200.78 | OK | |
| r-devel-linux-x86_64-fedora-clang | 1.1.3 | 133.00 | 396.43 | 529.43 | OK | |
| r-devel-linux-x86_64-fedora-gcc | 1.1.3 | 292.00 | 308.76 | 600.76 | OK | |
| r-devel-windows-x86_64 | 1.1.3 | 96.00 | 512.00 | 608.00 | OK | |
| r-patched-linux-x86_64 | 1.1.3 | 95.64 | 196.93 | 292.57 | OK | |
| r-release-linux-x86_64 | 1.1.3 | 98.25 | 196.85 | 295.10 | OK | |
| r-release-macos-arm64 | 1.1.3 | 36.00 | 129.00 | 165.00 | OK | |
| r-release-macos-x86_64 | 1.1.3 | 41.00 | 226.00 | 267.00 | OK | |
| r-release-windows-x86_64 | 1.1.3 | 97.00 | 506.00 | 603.00 | OK | |
| r-oldrel-macos-arm64 | 1.1.3 | 27.00 | 109.00 | 136.00 | NOTE | |
| r-oldrel-macos-x86_64 | 1.1.3 | 35.00 | 252.00 | 287.00 | NOTE | |
| r-oldrel-windows-x86_64 | 1.1.3 | 115.00 | 555.00 | 670.00 | OK |
Version: 1.1.3
Check: installed package size
Result: NOTE
installed size is 13.3Mb
sub-directories of 1Mb or more:
libs 12.9Mb
Flavors: r-oldrel-macos-arm64, r-oldrel-macos-x86_64