Last updated on 2025-11-16 04:48:27 CET.
| Flavor | Version | Tinstall | Tcheck | Ttotal | Status | Flags |
|---|---|---|---|---|---|---|
| r-devel-linux-x86_64-debian-clang | 1.0.1 | 39.84 | 87.50 | 127.34 | OK | |
| r-devel-linux-x86_64-debian-gcc | 1.0.1 | 26.79 | 60.86 | 87.65 | OK | |
| r-devel-linux-x86_64-fedora-clang | 1.0.1 | 140.00 | 88.95 | 228.95 | OK | |
| r-devel-linux-x86_64-fedora-gcc | 1.0.1 | 88.00 | 121.28 | 209.28 | OK | |
| r-devel-windows-x86_64 | 1.0.1 | 51.00 | 125.00 | 176.00 | OK | |
| r-patched-linux-x86_64 | 1.0.1 | 40.41 | 86.06 | 126.47 | OK | |
| r-release-linux-x86_64 | 1.0.1 | 38.40 | 86.12 | 124.52 | OK | |
| r-release-macos-arm64 | 1.0.1 | 16.00 | 33.00 | 49.00 | OK | |
| r-release-macos-x86_64 | 1.0.1 | 47.00 | 135.00 | 182.00 | OK | |
| r-release-windows-x86_64 | 1.0.1 | 49.00 | 106.00 | 155.00 | OK | |
| r-oldrel-macos-arm64 | 1.0.1 | 16.00 | 38.00 | 54.00 | NOTE | |
| r-oldrel-macos-x86_64 | 1.0.1 | 59.00 | 162.00 | 221.00 | NOTE | |
| r-oldrel-windows-x86_64 | 1.0.1 | 62.00 | 145.00 | 207.00 | OK |
Version: 1.0.1
Check: installed package size
Result: NOTE
installed size is 5.2Mb
sub-directories of 1Mb or more:
R 3.0Mb
libs 2.0Mb
Flavors: r-oldrel-macos-arm64, r-oldrel-macos-x86_64