Last updated on 2025-02-22 04:51:06 CET.
Flavor | Version | Tinstall | Tcheck | Ttotal | Status | Flags |
---|---|---|---|---|---|---|
r-devel-linux-x86_64-debian-clang | 0.1.8 | 27.27 | 224.13 | 251.40 | NOTE | |
r-devel-linux-x86_64-debian-gcc | 0.1.8 | 15.51 | 138.36 | 153.87 | NOTE | |
r-devel-linux-x86_64-fedora-clang | 0.1.8 | 399.91 | NOTE | |||
r-devel-linux-x86_64-fedora-gcc | 0.1.8 | 395.53 | NOTE | |||
r-devel-macos-arm64 | 0.1.8 | 102.00 | NOTE | |||
r-devel-macos-x86_64 | 0.1.8 | 212.00 | NOTE | |||
r-devel-windows-x86_64 | 0.1.8 | 26.00 | 228.00 | 254.00 | NOTE | |
r-patched-linux-x86_64 | 0.1.8 | 28.65 | 207.04 | 235.69 | NOTE | |
r-release-linux-x86_64 | 0.1.8 | 23.08 | 206.05 | 229.13 | NOTE | |
r-release-macos-arm64 | 0.1.8 | 98.00 | NOTE | |||
r-release-macos-x86_64 | 0.1.8 | 153.00 | NOTE | |||
r-release-windows-x86_64 | 0.1.8 | 28.00 | 228.00 | 256.00 | NOTE | |
r-oldrel-macos-arm64 | 0.1.8 | 111.00 | OK | |||
r-oldrel-macos-x86_64 | 0.1.8 | 182.00 | NOTE | |||
r-oldrel-windows-x86_64 | 0.1.8 | 37.00 | 314.00 | 351.00 | OK |
Version: 0.1.8
Check: Rd files
Result: NOTE
checkRd: (-1) DE.Rd:43: Lost braces in \itemize; meant \describe ?
checkRd: (-1) DE.Rd:44: Lost braces in \itemize; meant \describe ?
checkRd: (-1) DE.Rd:45: Lost braces in \itemize; meant \describe ?
checkRd: (-1) DE.Rd:46: Lost braces in \itemize; meant \describe ?
checkRd: (-1) DEzs.Rd:58: Lost braces in \itemize; meant \describe ?
checkRd: (-1) DEzs.Rd:59: Lost braces in \itemize; meant \describe ?
checkRd: (-1) DEzs.Rd:60: Lost braces in \itemize; meant \describe ?
checkRd: (-1) DEzs.Rd:61: Lost braces in \itemize; meant \describe ?
Flavors: r-devel-linux-x86_64-debian-clang, r-devel-linux-x86_64-debian-gcc, r-devel-linux-x86_64-fedora-clang, r-devel-linux-x86_64-fedora-gcc, r-devel-macos-arm64, r-devel-macos-x86_64, r-devel-windows-x86_64, r-patched-linux-x86_64, r-release-linux-x86_64, r-release-macos-arm64, r-release-macos-x86_64, r-release-windows-x86_64
Version: 0.1.8
Check: package dependencies
Result: NOTE
Package suggested but not available for checking: ‘sensitivity’
Flavor: r-oldrel-macos-x86_64